{"id":8379,"date":"2021-01-27T12:10:15","date_gmt":"2021-01-27T10:10:15","guid":{"rendered":"https:\/\/badnord.com\/?page_id=8379"},"modified":"2021-01-27T12:13:47","modified_gmt":"2021-01-27T10:13:47","slug":"les-coupons-sports","status":"publish","type":"page","link":"https:\/\/badnord.com\/?page_id=8379","title":{"rendered":"Les coupons sports"},"content":{"rendered":"\n<figure class=\"wp-block-image size-full\"><img fetchpriority=\"high\" decoding=\"async\" width=\"314\" height=\"220\" src=\"https:\/\/badnord.com\/wp-content\/uploads\/2021\/01\/chequesport_314-220.jpg\" alt=\"\" class=\"wp-image-8380\" srcset=\"https:\/\/badnord.com\/wp-content\/uploads\/2021\/01\/chequesport_314-220.jpg 314w, https:\/\/badnord.com\/wp-content\/uploads\/2021\/01\/chequesport_314-220-150x105.jpg 150w\" sizes=\"(max-width: 314px) 100vw, 314px\" \/><\/figure>\n\n\n\n<h2 class=\"wp-block-heading\">Le Coupon Sport est une coupure nominative. Enti\u00e8rement d\u00e9di\u00e9 \u00e0 la pratique sportive, il permet de r\u00e9gler les adh\u00e9sions, licences, abonnements, cours et stages \u00e0 moindre co\u00fbt.<\/h2>\n\n\n\n<p>D\u00e9butant ou initi\u00e9, que vous recherchiez les sensations fortes du sport extr\u00eame ou les plaisirs d\u2019une activit\u00e9 sportive r\u00e9guli\u00e8re, le Coupon Sport r\u00e9pond \u00e0 vos besoins.<\/p>\n\n\n\n<p>Le Coupon Sport se pr\u00e9sente sous la forme de coupures de 10, 15 et 20 \u20ac nominatives et s\u00e9curis\u00e9es.<\/p>\n\n\n\n<p>Vous pouvez les obtenir aupr\u00e8s de votre Comit\u00e9 d\u2019entreprise, Comit\u00e9 \u00e9conomique et social \/ COS-CAS \/ amicale du personnel ou de vos collectivit\u00e9s locales.<\/p>\n\n\n\n<p>Il est utilisable toute l\u2019ann\u00e9e, par vous ou les membres de votre famille (fiscalement \u00e0 charge), dans les clubs et associations sportifs conventionn\u00e9s par l\u2019ANCV.<\/p>\n\n\n\n<p><strong>Le Coupon Sport est valable 2 ans en plus de son ann\u00e9e d\u2019\u00e9mission<\/strong> (un coupon \u00e9mis en 2019 est valable jusqu\u2019au 31\/12\/2021).&nbsp;A l&rsquo;issue de sa p\u00e9riode de validit\u00e9, si vous n&rsquo;avez pas utilis\u00e9 tous vos Coupons Sport vous pouvez <a href=\"https:\/\/www.ancv.com\/que-faire-en-cas-de-perte-vol-ou-dechange\">demander leur \u00e9change<\/a>.<\/p>\n\n\n\n<p><strong>Pour b\u00e9n\u00e9ficier du Coupon Sport (avec ou sans participation financi\u00e8re) adressez-vous :<\/strong><\/p>\n\n\n\n<ul class=\"wp-block-list\"><li>\u00e0 votre comit\u00e9 d\u2019entreprise ou comit\u00e9 social et \u00e9conomique, si vous \u00eates salari\u00e9 du secteur priv\u00e9<\/li><li>\u00e0 votre association ou amicale du personnel, si vous \u00eates agent de la Fonction Publique Territoriale<\/li><li>aupr\u00e8s de vos collectivit\u00e9s locales (conseils g\u00e9n\u00e9raux ou r\u00e9gionaux, mairies, DRDJS) qui peuvent mettre en place le Coupon Sport pour leurs administr\u00e9s.<\/li><\/ul>\n\n\n\n<h4 class=\"wp-block-heading\">Documentation<\/h4>\n\n\n\n<ul class=\"wp-block-list\"><li><a href=\"https:\/\/www.ancv.com\/sites\/default\/files\/20190711_cv_all_leaf_3volets_print_v2_pages_ok.pdf\" target=\"_blank\" rel=\"noreferrer noopener\">Les offres de l\u2019ANCV pour les b\u00e9n\u00e9ficiaires<\/a>&nbsp;&#8211; pdf&nbsp;<\/li><li><a href=\"https:\/\/www.ancv.com\/sites\/default\/files\/20190711_ancv_ce_pla_4volets_print_coupon_sport_0.pdf\" target=\"_blank\" rel=\"noreferrer noopener\">Fiche produit Coupon Sport \u2013 B\u00e9n\u00e9ficiaires<\/a> &#8211; pdf<\/li><\/ul>\n\n\n\n<p><\/p>\n","protected":false},"excerpt":{"rendered":"<p>Le Coupon Sport est une coupure nominative. Enti\u00e8rement d\u00e9di\u00e9 \u00e0 la pratique sportive, il permet de r\u00e9gler les adh\u00e9sions, licences, abonnements, cours et stages \u00e0 moindre co\u00fbt. D\u00e9butant ou initi\u00e9, que vous recherchiez les sensations fortes du sport extr\u00eame ou les plaisirs d\u2019une activit\u00e9 sportive r\u00e9guli\u00e8re, le Coupon Sport r\u00e9pond \u00e0 vos besoins. Le Coupon [&hellip;]<\/p>\n","protected":false},"author":2,"featured_media":0,"parent":0,"menu_order":0,"comment_status":"closed","ping_status":"closed","template":"","meta":{"site-sidebar-layout":"default","site-content-layout":"","ast-site-content-layout":"default","site-content-style":"default","site-sidebar-style":"default","ast-global-header-display":"","ast-banner-title-visibility":"","ast-main-header-display":"","ast-hfb-above-header-display":"","ast-hfb-below-header-display":"","ast-hfb-mobile-header-display":"","site-post-title":"","ast-breadcrumbs-content":"","ast-featured-img":"","footer-sml-layout":"","ast-disable-related-posts":"","theme-transparent-header-meta":"","adv-header-id-meta":"","stick-header-meta":"","header-above-stick-meta":"","header-main-stick-meta":"","header-below-stick-meta":"","astra-migrate-meta-layouts":"default","ast-page-background-enabled":"default","ast-page-background-meta":{"desktop":{"background-color":"var(--ast-global-color-4)","background-image":"","background-repeat":"repeat","background-position":"center center","background-size":"auto","background-attachment":"scroll","background-type":"","background-media":"","overlay-type":"","overlay-color":"","overlay-opacity":"","overlay-gradient":""},"tablet":{"background-color":"","background-image":"","background-repeat":"repeat","background-position":"center center","background-size":"auto","background-attachment":"scroll","background-type":"","background-media":"","overlay-type":"","overlay-color":"","overlay-opacity":"","overlay-gradient":""},"mobile":{"background-color":"","background-image":"","background-repeat":"repeat","background-position":"center center","background-size":"auto","background-attachment":"scroll","background-type":"","background-media":"","overlay-type":"","overlay-color":"","overlay-opacity":"","overlay-gradient":""}},"ast-content-background-meta":{"desktop":{"background-color":"var(--ast-global-color-5)","background-image":"","background-repeat":"repeat","background-position":"center center","background-size":"auto","background-attachment":"scroll","background-type":"","background-media":"","overlay-type":"","overlay-color":"","overlay-opacity":"","overlay-gradient":""},"tablet":{"background-color":"var(--ast-global-color-5)","background-image":"","background-repeat":"repeat","background-position":"center center","background-size":"auto","background-attachment":"scroll","background-type":"","background-media":"","overlay-type":"","overlay-color":"","overlay-opacity":"","overlay-gradient":""},"mobile":{"background-color":"var(--ast-global-color-5)","background-image":"","background-repeat":"repeat","background-position":"center center","background-size":"auto","background-attachment":"scroll","background-type":"","background-media":"","overlay-type":"","overlay-color":"","overlay-opacity":"","overlay-gradient":""}},"footnotes":""},"class_list":["post-8379","page","type-page","status-publish","hentry"],"_links":{"self":[{"href":"https:\/\/badnord.com\/index.php?rest_route=\/wp\/v2\/pages\/8379","targetHints":{"allow":["GET"]}}],"collection":[{"href":"https:\/\/badnord.com\/index.php?rest_route=\/wp\/v2\/pages"}],"about":[{"href":"https:\/\/badnord.com\/index.php?rest_route=\/wp\/v2\/types\/page"}],"author":[{"embeddable":true,"href":"https:\/\/badnord.com\/index.php?rest_route=\/wp\/v2\/users\/2"}],"replies":[{"embeddable":true,"href":"https:\/\/badnord.com\/index.php?rest_route=%2Fwp%2Fv2%2Fcomments&post=8379"}],"version-history":[{"count":2,"href":"https:\/\/badnord.com\/index.php?rest_route=\/wp\/v2\/pages\/8379\/revisions"}],"predecessor-version":[{"id":8384,"href":"https:\/\/badnord.com\/index.php?rest_route=\/wp\/v2\/pages\/8379\/revisions\/8384"}],"wp:attachment":[{"href":"https:\/\/badnord.com\/index.php?rest_route=%2Fwp%2Fv2%2Fmedia&parent=8379"}],"curies":[{"name":"wp","href":"https:\/\/api.w.org\/{rel}","templated":true}]}}