{"id":6802,"date":"2020-03-27T16:41:49","date_gmt":"2020-03-27T14:41:49","guid":{"rendered":"http:\/\/badnord.com\/?page_id=6802"},"modified":"2023-03-24T13:33:11","modified_gmt":"2023-03-24T11:33:11","slug":"mentions-legales","status":"publish","type":"page","link":"https:\/\/badnord.com\/?page_id=6802","title":{"rendered":"Mentions L\u00e9gales"},"content":{"rendered":"\n<h5 class=\"has-text-align-left wp-block-heading\">Propri\u00e9t\u00e9 et responsabilit\u00e9 \u00e9ditoriale<\/h5>\n\n\n\n<p class=\"has-text-align-left\" style=\"font-size:11px\"><strong>COMITE D\u00c9PARTEMENTAL DU NORD DE BADMINTON<\/strong><br>26 rue Denis PAPIN &#8211; B\u00e2timent 26<br>Maison D\u00e9partementale du Sport<br>59650 &#8211; VILLENEUVE D&rsquo;ASCQ<br> T\u00e9l : 09 54 39 31 26<br><br><strong>N\u00b0 SIRET <\/strong>: 420 955 601 00042 <strong>NAF <\/strong>:  9312Z <br><strong>Responsable de la publication<\/strong> : Mathieu ROUX, Pr\u00e9sident<br><strong>Directeur de la publication<\/strong> : Dominique PLANTEFEVE, Directeur<br><strong>R\u00e9dacteur WEB :<\/strong> <br><strong>H\u00e9bergeur<\/strong>: OVH, 2 rue Kellermann \u2013 59100 Roubaix \u2013 France<\/p>\n\n\n\n<h5 class=\"has-text-align-left wp-block-heading\">Cr\u00e9ation Graphique et d\u00e9veloppement<\/h5>\n\n\n\n<p class=\"has-text-align-left\" style=\"font-size:11px\"><strong>COMITE D\u00c9PARTEMENTAL DU NORD DE BADMINTON<\/strong><br>26 rue Denis PAPIN &#8211; B\u00e2timent 26<br>Maison D\u00e9partementale du Sport<br>59650 &#8211; VILLENEUVE D&rsquo;ASCQ <\/p>\n\n\n\n<h5 class=\"has-text-align-left wp-block-heading\">Navigation<\/h5>\n\n\n\n<p class=\"has-text-align-left\" style=\"font-size:11px\">Ce  site est optimis\u00e9 pour les navigateurs Internet Explorer 10 et 11,  Firefox, Safari, Opera, Chrome et Edge (version mise \u00e0 jour), une  r\u00e9solution de 1200*1024 minimum et acceptant les feuilles de styles  externes (CSS).<br>LE COMITE D\u00c9PARTEMENTAL DU  NORD DE BADMINTON<strong> <\/strong>veille au bon  fonctionnement du site. Cependant, d\u2019\u00e9ventuels dysfonctionnements, tels  que la perte ou la falsification de donn\u00e9es, la propagation de virus ou  la non disponibilit\u00e9 du site, ne peuvent toutefois \u00eatre exclus.  L\u2019utilisateur acc\u00e8de donc au site \u00e0 ses risques et p\u00e9rils.<\/p>\n\n\n\n<p><strong>S\u00e9curisation d&rsquo;acc\u00e8s <\/strong> <\/p>\n\n\n\n<figure class=\"wp-block-image size-full\"><img decoding=\"async\" width=\"240\" height=\"40\" src=\"https:\/\/badnord.com\/wp-content\/uploads\/2020\/05\/Site1.png\" alt=\"\" class=\"wp-image-7061\" srcset=\"https:\/\/badnord.com\/wp-content\/uploads\/2020\/05\/Site1.png 240w, https:\/\/badnord.com\/wp-content\/uploads\/2020\/05\/Site1-150x25.png 150w\" sizes=\"(max-width: 240px) 100vw, 240px\" \/><\/figure>\n\n\n\n<p style=\"font-size:11px\">L&rsquo;acc\u00e8s \u00e0 ce site est d\u00e9sormais s\u00e9curis\u00e9 par un certificat SSL (*).<br>L&rsquo;ensemble de vos connections sont ainsi chiffr\u00e9es de bout en bout.<br>La pr\u00e9sence du S (http<strong>S<\/strong>) valide d\u00e9sormais cette s\u00e9curisation.<br>(*) pour afficher le certificat, cliquez sur le cadenas \u00e0 gauche de l&rsquo;adresse internet.<\/p>\n\n\n\n<figure class=\"wp-block-image size-full\"><img fetchpriority=\"high\" decoding=\"async\" width=\"638\" height=\"442\" src=\"https:\/\/badnord.com\/wp-content\/uploads\/2020\/05\/site2.png\" alt=\"\" class=\"wp-image-7065\" srcset=\"https:\/\/badnord.com\/wp-content\/uploads\/2020\/05\/site2.png 638w, https:\/\/badnord.com\/wp-content\/uploads\/2020\/05\/site2-150x104.png 150w\" sizes=\"(max-width: 638px) 100vw, 638px\" \/><\/figure>\n\n\n\n<h5 class=\"has-text-align-left wp-block-heading\">Technologie utilis\u00e9e<\/h5>\n\n\n\n<p style=\"font-size:11px\">Ce site utilise le CMS WordPress <\/p>\n\n\n\n<h5 class=\"has-text-align-left wp-block-heading\">Cookies<\/h5>\n\n\n\n<p style=\"font-size:11px\">Votre navigation sur le Site du Comit\u00e9 D\u00e9partemental donne lieu au d\u00e9p\u00f4t de cookies sur le terminal que vous utilisez. Un  cookie, ou t\u00e9moin de connexion, est un petit fichier texte qui peut  \u00eatre plac\u00e9 sur votre terminal \u00e0 l\u2019occasion de la consultation d\u2019un site  internet ou d\u2019une application et ce, gr\u00e2ce \u00e0 votre logiciel de  navigation.<br>Pour en savoir plus et param\u00e9trer les cookies, nous vous invitons \u00e0 consulter notre Politique cookies.<\/p>\n\n\n\n<h5 class=\"has-text-align-left wp-block-heading\">Clause de non responsabilit\u00e9<\/h5>\n\n\n\n<p style=\"font-size:11px\"><strong>Le Comit\u00e9 D\u00e9partemental du Nord de Badminton <\/strong>d\u00e9cline toute responsabilit\u00e9 en cas de dommages directs ou indirects r\u00e9sultant de l\u2019acc\u00e8s \u00e0 tout ou partie du site<em>(par ex. suite \u00e0 des t\u00e9l\u00e9chargements, \u00e0 la non disponibilit\u00e9 du site ou \u00e0 des erreurs de programme)<\/em>. <\/p>\n\n\n\n<h5 class=\"has-text-align-left wp-block-heading\">Clause de non garantie<\/h5>\n\n\n\n<p style=\"font-size:11px\"><strong>Le Comit\u00e9 D\u00e9partemental du Nord de Badminton <\/strong>veille \u00e0 ce que toutes les informations  figurant sur son site soient correctes et actuelles au moment de leur  publication et \u00e0 ce qu\u2019elles ne portent pas atteinte aux droits de  tiers. Elle ne saurait toutefois en garantir l\u2019exactitude, la fiabilit\u00e9 ou l\u2019exhaustivit\u00e9. <\/p>\n\n\n\n<h5 class=\"has-text-align-left wp-block-heading\">Liens vers d&rsquo;autres sites internet<\/h5>\n\n\n\n<p style=\"font-size:11px\"> Ce site contient des liens vers des sites Internet de tiers.<strong> Le Comit\u00e9 D\u00e9partemental du Nord de Badminton <\/strong>d\u00e9cline  toute responsabilit\u00e9 concernant les contenus, les produits, prestations  et autres offres qui y sont pr\u00e9sent\u00e9s, ainsi que le respect des  dispositions relatives \u00e0 la protection des donn\u00e9es. <br><strong>Le Comit\u00e9 D\u00e9partemental du Nord de Badminton <\/strong>n\u2019est en outre pas tenue d\u2019ins\u00e9rer des liens vers les sites de ses partenaires. <\/p>\n\n\n\n<h5 class=\"has-text-align-left wp-block-heading\">Loi informatique et libert\u00e9s<\/h5>\n\n\n\n<p style=\"font-size:11px\">Le <strong>Comit\u00e9 D\u00e9partemental du Nord de Badminton<\/strong>  atteste que ce site est conforme aux dispositions du  r\u00e8glement europ\u00e9en n\u00b02016\/679 du 27 avril 2016 sur la protection des  donn\u00e9es, dit \u00ab RGPD \u00bb, et \u00e0 la loi n\u00b078-17 du 6 janvier 1978 relative \u00e0  l\u2019informatique, aux fichiers et aux libert\u00e9s, telle que modifi\u00e9e par la  loi n\u00b02018-493 du 20 juin 2018.<br>Les traitements de donn\u00e9es \u00e0  caract\u00e8re personnel mis en \u0153uvre dans le cadre du site sont int\u00e9gr\u00e9s  dans la liste des traitements du D\u00e9l\u00e9gu\u00e9 \u00e0 la Protection des  Donn\u00e9es\/Data Protection Officer (DPD\/DPO) du <strong>Comit\u00e9 D\u00e9partemental du Nord de Badminton.<\/strong><br><br>Les donn\u00e9es personnelles communiqu\u00e9es par l\u2019utilisateur en ligne sont destin\u00e9es aux personnels habilit\u00e9s du <strong>Comit\u00e9 D\u00e9partemental du Nord de Badminton.<\/strong><br>L\u2019utilisateur dispose d\u2019un droit d\u2019acc\u00e8s, de rectification, de  suppression, de limitation, de portabilit\u00e9, de d\u00e9finition de directives  anticip\u00e9es et d\u2019opposition aux donn\u00e9es \u00e0 caract\u00e8re personnel le  concernant. L\u2019ensemble de ces droits peut \u00eatre exerc\u00e9 aupr\u00e8s du D\u00e9l\u00e9gu\u00e9 \u00e0  la protection des donn\u00e9es par courrier \u00e9lectronique \u00e0 l\u2019adresse  suivante : coordination@badnord.com  ou par courrier postal \u00e0 l\u2019adresse suivante : Comit\u00e9 D\u00e9partemental du Nord de Badminton &#8211; D\u00e9l\u00e9gu\u00e9 \u00e0 la protection des donn\u00e9es DPO &#8211; 26 rue Denis Papin 59650 VILLENEUVE D&rsquo;ASCQ, accompagn\u00e9 d\u2019un  titre d\u2019identit\u00e9 sign\u00e9. Nous nous efforcerons de donner suite \u00e0 votre  demande dans un d\u00e9lai raisonnable et, en tout \u00e9tat de cause, dans les  d\u00e9lais fix\u00e9s par la loi.<br><br>En cas de r\u00e9ponse que vous estimeriez  insatisfaisante, vous pouvez introduire une r\u00e9clamation aupr\u00e8s de la  CNIL (https:\/\/www.cnil.fr\/fr\/plaintes), autorit\u00e9 de contr\u00f4le comp\u00e9tente  en France, \u00e0 l\u2019adresse suivante\u00a0: 3 Place de Fontenoy \u2013 TSA 80715 \u2013  75334 PARIS CEDEX 07.<br><br>Pour en savoir plus, nous vous invitons \u00e0 consulter notre <a rel=\"noreferrer noopener\" aria-label=\" (s\u2019ouvre dans un nouvel onglet)\" href=\"https:\/\/www.dropbox.com\/s\/x5sz1kh5cilup7s\/Politique%20g%C3%A9n%C3%A9rale%20Protection%20des%20donn%C3%A9es.pdf?dl=0\" target=\"_blank\">Politique G\u00e9n\u00e9rale de Protection des Donn\u00e9es \u00e0 Caract\u00e8re Personnel.<\/a> <\/p>\n\n\n\n<h5 class=\"has-text-align-left wp-block-heading\">Confidentialit\u00e9 des formulaires de contact<\/h5>\n\n\n\n<p style=\"font-size:11px\">Nous vous informons que le secret des correspondances transmises par le  r\u00e9seau internet n\u2019est pas garanti. Les courriers \u00e9lectroniques sont  conserv\u00e9s sur support informatique le temps pour nos services de fournir  une r\u00e9ponse ou traiter votre demande. <\/p>\n\n\n\n<h5 class=\"has-text-align-left wp-block-heading\">Protection des donn\u00e9es personnelles<\/h5>\n\n\n\n<p style=\"font-size:11px\"><strong>Le Comit\u00e9 D\u00e9partemental du Nord de Badminton <\/strong>s\u2019engage \u00e0 :<br>  &#8211; ne collecter aucune information personnelle \u00e0 votre insu<br>  &#8211; ne c\u00e9der aucune information personnelle \u00e0 des tiers<br>  &#8211; n\u2019utiliser aucune information personnelle \u00e0 des fins commerciales et de d\u00e9marchage<br><br>Pour en savoir plus, nous vous invitons \u00e0 consulter notre <a href=\"https:\/\/www.dropbox.com\/s\/x5sz1kh5cilup7s\/Politique%20g%C3%A9n%C3%A9rale%20Protection%20des%20donn%C3%A9es.pdf?dl=0\">Politique G\u00e9n\u00e9rale de Protection des Donn\u00e9es \u00e0 Caract\u00e8re Personnel.<\/a><\/p>\n\n\n\n<h5 class=\"has-text-align-left wp-block-heading\">Droit d&rsquo;auteur et copyright<\/h5>\n\n\n\n<p style=\"font-size:11px\">L\u2019ensemble  de ce site rel\u00e8ve de la l\u00e9gislation fran\u00e7aise et internationale sur le  droit d\u2019auteur et la propri\u00e9t\u00e9 intellectuelle. Tous les droits de  reproduction sont r\u00e9serv\u00e9s, y compris pour les documents t\u00e9l\u00e9chargeables  et les repr\u00e9sentations iconographiques et photographiques. <br><br>La  reproduction des textes est autoris\u00e9e dans le  cadre p\u00e9dagogique, sous r\u00e9serve du respect des conditions  suivantes :<br>   &#8211;  gratuit\u00e9 de la diffusion<br>   &#8211;  respect de l\u2019int\u00e9grit\u00e9 des documents reproduits sans modification ni alt\u00e9ration d\u2019aucune sorte citation claire et lisible de la source sous la forme suivante :<br>\u00ab\u00a0Ce document provient du site Internet www.badnord.com ; Titre ;  Auteur. Les droits de reproduction sont             r\u00e9serv\u00e9s et strictement  limit\u00e9s\u00a0\u00bb.<br><br>Pour toute autre utilisation, veuillez nous consulter par courrier \u00e9lectronique <a href=\"mailto:comm.codep59@free.fr\">coordination@badnord.com<\/a><br>Les marques \u00e9ventuellement cit\u00e9es sur ce site sont d\u00e9pos\u00e9es par les soci\u00e9t\u00e9s qui en sont propri\u00e9taires.<\/p>\n\n\n\n<h5 class=\"has-text-align-left wp-block-heading\">Mise \u00e0 jour des contenus<\/h5>\n\n\n\n<p style=\"font-size:11px\"><strong>Le Comit\u00e9 D\u00e9partemental du Nord de Badminton<\/strong> se r\u00e9serve le droit de modifier le contenu de ce site \u00e0 tout moment et sans pr\u00e9avis. <\/p>\n","protected":false},"excerpt":{"rendered":"<p>Propri\u00e9t\u00e9 et responsabilit\u00e9 \u00e9ditoriale COMITE D\u00c9PARTEMENTAL DU NORD DE BADMINTON26 rue Denis PAPIN &#8211; B\u00e2timent 26Maison D\u00e9partementale du Sport59650 &#8211; VILLENEUVE D&rsquo;ASCQ T\u00e9l : 09 54 39 31 26 N\u00b0 SIRET : 420 955 601 00042 NAF : 9312Z Responsable de la publication : Mathieu ROUX, Pr\u00e9sidentDirecteur de la publication : Dominique PLANTEFEVE, DirecteurR\u00e9dacteur WEB [&hellip;]<\/p>\n","protected":false},"author":2,"featured_media":6803,"parent":0,"menu_order":0,"comment_status":"closed","ping_status":"closed","template":"","meta":{"site-sidebar-layout":"default","site-content-layout":"","ast-site-content-layout":"default","site-content-style":"default","site-sidebar-style":"default","ast-global-header-display":"","ast-banner-title-visibility":"","ast-main-header-display":"","ast-hfb-above-header-display":"","ast-hfb-below-header-display":"","ast-hfb-mobile-header-display":"","site-post-title":"","ast-breadcrumbs-content":"","ast-featured-img":"","footer-sml-layout":"","ast-disable-related-posts":"","theme-transparent-header-meta":"","adv-header-id-meta":"","stick-header-meta":"","header-above-stick-meta":"","header-main-stick-meta":"","header-below-stick-meta":"","astra-migrate-meta-layouts":"default","ast-page-background-enabled":"default","ast-page-background-meta":{"desktop":{"background-color":"var(--ast-global-color-4)","background-image":"","background-repeat":"repeat","background-position":"center center","background-size":"auto","background-attachment":"scroll","background-type":"","background-media":"","overlay-type":"","overlay-color":"","overlay-opacity":"","overlay-gradient":""},"tablet":{"background-color":"","background-image":"","background-repeat":"repeat","background-position":"center center","background-size":"auto","background-attachment":"scroll","background-type":"","background-media":"","overlay-type":"","overlay-color":"","overlay-opacity":"","overlay-gradient":""},"mobile":{"background-color":"","background-image":"","background-repeat":"repeat","background-position":"center center","background-size":"auto","background-attachment":"scroll","background-type":"","background-media":"","overlay-type":"","overlay-color":"","overlay-opacity":"","overlay-gradient":""}},"ast-content-background-meta":{"desktop":{"background-color":"var(--ast-global-color-5)","background-image":"","background-repeat":"repeat","background-position":"center center","background-size":"auto","background-attachment":"scroll","background-type":"","background-media":"","overlay-type":"","overlay-color":"","overlay-opacity":"","overlay-gradient":""},"tablet":{"background-color":"var(--ast-global-color-5)","background-image":"","background-repeat":"repeat","background-position":"center center","background-size":"auto","background-attachment":"scroll","background-type":"","background-media":"","overlay-type":"","overlay-color":"","overlay-opacity":"","overlay-gradient":""},"mobile":{"background-color":"var(--ast-global-color-5)","background-image":"","background-repeat":"repeat","background-position":"center center","background-size":"auto","background-attachment":"scroll","background-type":"","background-media":"","overlay-type":"","overlay-color":"","overlay-opacity":"","overlay-gradient":""}},"footnotes":""},"class_list":["post-6802","page","type-page","status-publish","has-post-thumbnail","hentry"],"_links":{"self":[{"href":"https:\/\/badnord.com\/index.php?rest_route=\/wp\/v2\/pages\/6802","targetHints":{"allow":["GET"]}}],"collection":[{"href":"https:\/\/badnord.com\/index.php?rest_route=\/wp\/v2\/pages"}],"about":[{"href":"https:\/\/badnord.com\/index.php?rest_route=\/wp\/v2\/types\/page"}],"author":[{"embeddable":true,"href":"https:\/\/badnord.com\/index.php?rest_route=\/wp\/v2\/users\/2"}],"replies":[{"embeddable":true,"href":"https:\/\/badnord.com\/index.php?rest_route=%2Fwp%2Fv2%2Fcomments&post=6802"}],"version-history":[{"count":38,"href":"https:\/\/badnord.com\/index.php?rest_route=\/wp\/v2\/pages\/6802\/revisions"}],"predecessor-version":[{"id":10724,"href":"https:\/\/badnord.com\/index.php?rest_route=\/wp\/v2\/pages\/6802\/revisions\/10724"}],"wp:featuredmedia":[{"embeddable":true,"href":"https:\/\/badnord.com\/index.php?rest_route=\/wp\/v2\/media\/6803"}],"wp:attachment":[{"href":"https:\/\/badnord.com\/index.php?rest_route=%2Fwp%2Fv2%2Fmedia&parent=6802"}],"curies":[{"name":"wp","href":"https:\/\/api.w.org\/{rel}","templated":true}]}}