{"id":5811,"date":"2019-09-30T15:02:40","date_gmt":"2019-09-30T13:02:40","guid":{"rendered":"http:\/\/badnord.com\/?page_id=5811"},"modified":"2026-02-04T18:29:19","modified_gmt":"2026-02-04T16:29:19","slug":"championnat-departemental-interclubs-jeunes-feminin","status":"publish","type":"page","link":"https:\/\/badnord.com\/?page_id=5811","title":{"rendered":"Championnat D\u00e9partemental Interclubs Jeunes \u2013 F\u00c9MININ"},"content":{"rendered":"\t\t<div data-elementor-type=\"wp-page\" data-elementor-id=\"5811\" class=\"elementor elementor-5811\" data-elementor-post-type=\"page\">\n\t\t\t\t\t\t<section class=\"elementor-section elementor-top-section elementor-element elementor-element-977c719 elementor-section-boxed elementor-section-height-default elementor-section-height-default\" data-id=\"977c719\" data-element_type=\"section\" data-e-type=\"section\">\n\t\t\t\t\t\t<div class=\"elementor-container elementor-column-gap-default\">\n\t\t\t\t\t<div class=\"elementor-column elementor-col-66 elementor-top-column elementor-element elementor-element-2122959\" data-id=\"2122959\" data-element_type=\"column\" data-e-type=\"column\">\n\t\t\t<div class=\"elementor-widget-wrap elementor-element-populated\">\n\t\t\t\t\t\t<div class=\"elementor-element elementor-element-b9175fb elementor-widget elementor-widget-text-editor\" data-id=\"b9175fb\" data-element_type=\"widget\" data-e-type=\"widget\" data-widget_type=\"text-editor.default\">\n\t\t\t\t<div class=\"elementor-widget-container\">\n\t\t\t\t\t\t\t\t\t<div class=\"elementor-column elementor-col-66 elementor-top-column elementor-element elementor-element-62f86a3\" data-id=\"62f86a3\" data-element_type=\"column\"><div class=\"elementor-widget-wrap elementor-element-populated\"><div class=\"elementor-element elementor-element-ecd769f elementor-widget elementor-widget-text-editor\" data-id=\"ecd769f\" data-element_type=\"widget\" data-widget_type=\"text-editor.default\"><div class=\"elementor-widget-container\"><p><a href=\"https:\/\/www.dropbox.com\/scl\/fi\/a0nl4venavrm8lhz5fhgp\/Reglement-CHAMPIONNATS-DEPARTEMENTAUX-INTERCLUBS-JEUNES-FEMININ-Saison-2025_2026.pdf?rlkey=u6cof9anowaqek29aqgelvzkk&amp;dl=0\">R\u00e8glement officiel des Championnats D\u00e9partementaux Interclubs Jeunes F\u00e9minin<\/a><\/p><p><a href=\"https:\/\/www.dropbox.com\/scl\/fi\/szi1lo9n73fsxb89ivscw\/Tuto_inscrire_une_equipe_en_IC.pdf?rlkey=g6fmeva75vzlx4z9uwednef2a&amp;dl=0\" target=\"_blank\" rel=\"noopener\">Tuto \u00ab comment inscrire une \u00e9quipe en Interclubs ? \u00bb<\/a><br \/><a href=\"https:\/\/badnet.fr\/connexion\" target=\"_blank\" rel=\"noopener\">Inscription des \u00e9quipes c \u2018est ICI <\/a><\/p><p>Liste des \u00e9quipes\u00a0<\/p><p>Liste des capitaines<br \/>Pr\u00e9sentation organisation des rencontres<\/p><p><a href=\"https:\/\/www.dropbox.com\/scl\/fi\/ro0dhg73v2jll2ugq7oz7\/Coordonn-es-des-salles.pdf?rlkey=5441be2xtnspnfl4kgg48g9eg&amp;dl=0\">Liste des salles<\/a><\/p><p><a href=\"https:\/\/www.dropbox.com\/scl\/fi\/kb39654n4fi9nq2hdu9f6\/Feuille-de-route-club-accueillant-IC-JEUNES.pdf?rlkey=kptlotjkgtr621k166vujjf1r&amp;dl=0\" target=\"_blank\" rel=\"noopener\">Feuille de Route \u00e0 destination des organisateurs et clubs accueillants<\/a><\/p><p><strong>Calendrier\u00a0 J1<\/strong><\/p><p><strong>Calendrier\u00a0 J2<\/strong><\/p><p>Sanction J1<\/p><div>\u00a0<\/div><div>\u00a0<\/div><p>Anomalies rencontr\u00e9es et liste des sanctions<\/p><\/div><\/div><\/div><\/div>\t\t\t\t\t\t\t\t<\/div>\n\t\t\t\t<\/div>\n\t\t\t\t\t<\/div>\n\t\t<\/div>\n\t\t\t\t<div class=\"elementor-column elementor-col-33 elementor-top-column elementor-element elementor-element-cf94fd8\" data-id=\"cf94fd8\" data-element_type=\"column\" data-e-type=\"column\">\n\t\t\t<div class=\"elementor-widget-wrap elementor-element-populated\">\n\t\t\t\t\t\t<div class=\"elementor-element elementor-element-0b588e3 elementor-view-framed elementor-shape-rounded elementor-widget elementor-widget-icon\" data-id=\"0b588e3\" data-element_type=\"widget\" data-e-type=\"widget\" data-widget_type=\"icon.default\">\n\t\t\t\t<div class=\"elementor-widget-container\">\n\t\t\t\t\t\t\t<div class=\"elementor-icon-wrapper\">\n\t\t\t<div class=\"elementor-icon\">\n\t\t\t<i aria-hidden=\"true\" class=\"fas fa-sun\"><\/i>\t\t\t<\/div>\n\t\t<\/div>\n\t\t\t\t\t\t<\/div>\n\t\t\t\t<\/div>\n\t\t\t\t\t<\/div>\n\t\t<\/div>\n\t\t\t\t\t<\/div>\n\t\t<\/section>\n\t\t\t\t<\/div>\n\t\t","protected":false},"excerpt":{"rendered":"<p>R\u00e8glement officiel des Championnats D\u00e9partementaux Interclubs Jeunes F\u00e9minin Tuto \u00ab comment inscrire une \u00e9quipe en Interclubs ? \u00bbInscription des \u00e9quipes c \u2018est ICI Liste des \u00e9quipes\u00a0 Liste des capitainesPr\u00e9sentation organisation des rencontres Liste des salles Feuille de Route \u00e0 destination des organisateurs et clubs accueillants Calendrier\u00a0 J1 Calendrier\u00a0 J2 Sanction J1 \u00a0\u00a0 Anomalies rencontr\u00e9es et [&hellip;]<\/p>\n","protected":false},"author":2,"featured_media":0,"parent":0,"menu_order":0,"comment_status":"closed","ping_status":"closed","template":"","meta":{"site-sidebar-layout":"default","site-content-layout":"","ast-site-content-layout":"default","site-content-style":"default","site-sidebar-style":"default","ast-global-header-display":"","ast-banner-title-visibility":"","ast-main-header-display":"","ast-hfb-above-header-display":"","ast-hfb-below-header-display":"","ast-hfb-mobile-header-display":"","site-post-title":"","ast-breadcrumbs-content":"","ast-featured-img":"","footer-sml-layout":"","ast-disable-related-posts":"","theme-transparent-header-meta":"","adv-header-id-meta":"","stick-header-meta":"","header-above-stick-meta":"","header-main-stick-meta":"","header-below-stick-meta":"","astra-migrate-meta-layouts":"default","ast-page-background-enabled":"default","ast-page-background-meta":{"desktop":{"background-color":"var(--ast-global-color-4)","background-image":"","background-repeat":"repeat","background-position":"center center","background-size":"auto","background-attachment":"scroll","background-type":"","background-media":"","overlay-type":"","overlay-color":"","overlay-opacity":"","overlay-gradient":""},"tablet":{"background-color":"","background-image":"","background-repeat":"repeat","background-position":"center center","background-size":"auto","background-attachment":"scroll","background-type":"","background-media":"","overlay-type":"","overlay-color":"","overlay-opacity":"","overlay-gradient":""},"mobile":{"background-color":"","background-image":"","background-repeat":"repeat","background-position":"center center","background-size":"auto","background-attachment":"scroll","background-type":"","background-media":"","overlay-type":"","overlay-color":"","overlay-opacity":"","overlay-gradient":""}},"ast-content-background-meta":{"desktop":{"background-color":"var(--ast-global-color-5)","background-image":"","background-repeat":"repeat","background-position":"center center","background-size":"auto","background-attachment":"scroll","background-type":"","background-media":"","overlay-type":"","overlay-color":"","overlay-opacity":"","overlay-gradient":""},"tablet":{"background-color":"var(--ast-global-color-5)","background-image":"","background-repeat":"repeat","background-position":"center center","background-size":"auto","background-attachment":"scroll","background-type":"","background-media":"","overlay-type":"","overlay-color":"","overlay-opacity":"","overlay-gradient":""},"mobile":{"background-color":"var(--ast-global-color-5)","background-image":"","background-repeat":"repeat","background-position":"center center","background-size":"auto","background-attachment":"scroll","background-type":"","background-media":"","overlay-type":"","overlay-color":"","overlay-opacity":"","overlay-gradient":""}},"footnotes":""},"class_list":["post-5811","page","type-page","status-publish","hentry"],"_links":{"self":[{"href":"https:\/\/badnord.com\/index.php?rest_route=\/wp\/v2\/pages\/5811","targetHints":{"allow":["GET"]}}],"collection":[{"href":"https:\/\/badnord.com\/index.php?rest_route=\/wp\/v2\/pages"}],"about":[{"href":"https:\/\/badnord.com\/index.php?rest_route=\/wp\/v2\/types\/page"}],"author":[{"embeddable":true,"href":"https:\/\/badnord.com\/index.php?rest_route=\/wp\/v2\/users\/2"}],"replies":[{"embeddable":true,"href":"https:\/\/badnord.com\/index.php?rest_route=%2Fwp%2Fv2%2Fcomments&post=5811"}],"version-history":[{"count":75,"href":"https:\/\/badnord.com\/index.php?rest_route=\/wp\/v2\/pages\/5811\/revisions"}],"predecessor-version":[{"id":19571,"href":"https:\/\/badnord.com\/index.php?rest_route=\/wp\/v2\/pages\/5811\/revisions\/19571"}],"wp:attachment":[{"href":"https:\/\/badnord.com\/index.php?rest_route=%2Fwp%2Fv2%2Fmedia&parent=5811"}],"curies":[{"name":"wp","href":"https:\/\/api.w.org\/{rel}","templated":true}]}}