{"id":3639,"date":"2018-01-03T15:56:39","date_gmt":"2018-01-03T13:56:39","guid":{"rendered":"http:\/\/badnord.com\/?page_id=3639"},"modified":"2021-09-28T12:54:19","modified_gmt":"2021-09-28T10:54:19","slug":"championnat-departemental-individuel-en-simples-adultes","status":"publish","type":"page","link":"https:\/\/badnord.com\/?page_id=3639","title":{"rendered":"Championnat D\u00e9partemental Individuel  (Jeunes)"},"content":{"rendered":"<ul>\n<li><a href=\"https:\/\/www.dropbox.com\/s\/sj14b5wv3tajuke\/R%C3%A9glement%20Championnat%20D%C3%A9partemental%20Jeunes.pdf?dl=0\" target=\"_blank\" rel=\"noopener\">R\u00e8glement des Championnats D\u00e9partementaux simple et Double (Individuel)<\/a><\/li>\n<li><a href=\"https:\/\/codep59.badnet.org\/\">S\u2019inscrire au.x Championnat.s<\/a><\/li>\n<li>Organisation du Championnat 2021<\/li>\n<li>Liste des qualifi\u00e9(e)s d&rsquo;office (t\u00eate de s\u00e9rie) et convocations des TDS<\/li>\n<li>Obtenir les convocations des phases qualificatives et tableaux SH\/SD poussin et SD Cadette\/Junior (hors TDS)<\/li>\n<li>Liste des joueurs non retenues et rempla\u00e7ants<\/li>\n<li>Obtenir l&rsquo;\u00e9ch\u00e9ancier du Championnat 2021<\/li>\n<li>Suivre les r\u00e9sultats en direct<\/li>\n<li>Palmar\u00e8s<\/li>\n<\/ul>\n<p><a href=\"http:\/\/badnord.com\/wp-content\/uploads\/2017\/09\/Quel-tournoi-Pour-qui.pdf\"><img decoding=\"async\" class=\"alignleft size-full wp-image-2912\" src=\"http:\/\/badnord.com\/wp-content\/uploads\/2017\/09\/dossier-e1506075844667.jpg\" alt=\"\" width=\"50\" height=\"46\" \/>Quel tournoi ? Pour qui ?<\/a><\/p>\n","protected":false},"excerpt":{"rendered":"<p>R\u00e8glement des Championnats D\u00e9partementaux simple et Double (Individuel) S\u2019inscrire au.x Championnat.s Organisation du Championnat 2021 Liste des qualifi\u00e9(e)s d&rsquo;office (t\u00eate de s\u00e9rie) et convocations des TDS Obtenir les convocations des phases qualificatives et tableaux SH\/SD poussin et SD Cadette\/Junior (hors TDS) Liste des joueurs non retenues et rempla\u00e7ants Obtenir l&rsquo;\u00e9ch\u00e9ancier du Championnat 2021 Suivre les [&hellip;]<\/p>\n","protected":false},"author":2,"featured_media":0,"parent":0,"menu_order":0,"comment_status":"closed","ping_status":"closed","template":"","meta":{"site-sidebar-layout":"default","site-content-layout":"","ast-site-content-layout":"default","site-content-style":"default","site-sidebar-style":"default","ast-global-header-display":"","ast-banner-title-visibility":"","ast-main-header-display":"","ast-hfb-above-header-display":"","ast-hfb-below-header-display":"","ast-hfb-mobile-header-display":"","site-post-title":"","ast-breadcrumbs-content":"","ast-featured-img":"","footer-sml-layout":"","ast-disable-related-posts":"","theme-transparent-header-meta":"","adv-header-id-meta":"","stick-header-meta":"","header-above-stick-meta":"","header-main-stick-meta":"","header-below-stick-meta":"","astra-migrate-meta-layouts":"default","ast-page-background-enabled":"default","ast-page-background-meta":{"desktop":{"background-color":"var(--ast-global-color-4)","background-image":"","background-repeat":"repeat","background-position":"center center","background-size":"auto","background-attachment":"scroll","background-type":"","background-media":"","overlay-type":"","overlay-color":"","overlay-opacity":"","overlay-gradient":""},"tablet":{"background-color":"","background-image":"","background-repeat":"repeat","background-position":"center center","background-size":"auto","background-attachment":"scroll","background-type":"","background-media":"","overlay-type":"","overlay-color":"","overlay-opacity":"","overlay-gradient":""},"mobile":{"background-color":"","background-image":"","background-repeat":"repeat","background-position":"center center","background-size":"auto","background-attachment":"scroll","background-type":"","background-media":"","overlay-type":"","overlay-color":"","overlay-opacity":"","overlay-gradient":""}},"ast-content-background-meta":{"desktop":{"background-color":"var(--ast-global-color-5)","background-image":"","background-repeat":"repeat","background-position":"center center","background-size":"auto","background-attachment":"scroll","background-type":"","background-media":"","overlay-type":"","overlay-color":"","overlay-opacity":"","overlay-gradient":""},"tablet":{"background-color":"var(--ast-global-color-5)","background-image":"","background-repeat":"repeat","background-position":"center center","background-size":"auto","background-attachment":"scroll","background-type":"","background-media":"","overlay-type":"","overlay-color":"","overlay-opacity":"","overlay-gradient":""},"mobile":{"background-color":"var(--ast-global-color-5)","background-image":"","background-repeat":"repeat","background-position":"center center","background-size":"auto","background-attachment":"scroll","background-type":"","background-media":"","overlay-type":"","overlay-color":"","overlay-opacity":"","overlay-gradient":""}},"footnotes":""},"class_list":["post-3639","page","type-page","status-publish","hentry"],"_links":{"self":[{"href":"https:\/\/badnord.com\/index.php?rest_route=\/wp\/v2\/pages\/3639","targetHints":{"allow":["GET"]}}],"collection":[{"href":"https:\/\/badnord.com\/index.php?rest_route=\/wp\/v2\/pages"}],"about":[{"href":"https:\/\/badnord.com\/index.php?rest_route=\/wp\/v2\/types\/page"}],"author":[{"embeddable":true,"href":"https:\/\/badnord.com\/index.php?rest_route=\/wp\/v2\/users\/2"}],"replies":[{"embeddable":true,"href":"https:\/\/badnord.com\/index.php?rest_route=%2Fwp%2Fv2%2Fcomments&post=3639"}],"version-history":[{"count":16,"href":"https:\/\/badnord.com\/index.php?rest_route=\/wp\/v2\/pages\/3639\/revisions"}],"predecessor-version":[{"id":9072,"href":"https:\/\/badnord.com\/index.php?rest_route=\/wp\/v2\/pages\/3639\/revisions\/9072"}],"wp:attachment":[{"href":"https:\/\/badnord.com\/index.php?rest_route=%2Fwp%2Fv2%2Fmedia&parent=3639"}],"curies":[{"name":"wp","href":"https:\/\/api.w.org\/{rel}","templated":true}]}}