{"id":216,"date":"2015-05-29T17:42:57","date_gmt":"2015-05-29T17:42:57","guid":{"rendered":"http:\/\/badnord.com\/?page_id=216"},"modified":"2020-04-20T20:18:08","modified_gmt":"2020-04-20T18:18:08","slug":"bad-pour-tous","status":"publish","type":"page","link":"https:\/\/badnord.com\/?page_id=216","title":{"rendered":"Soutien \u00e0 la pratique en Quartier Prioritaire de la Ville (QPV)"},"content":{"rendered":"\n<figure class=\"wp-block-image\"><img fetchpriority=\"high\" decoding=\"async\" width=\"620\" height=\"348\" src=\"http:\/\/badnord.com\/wp-content\/uploads\/2019\/10\/qpv-logo.png\" alt=\"\" class=\"wp-image-5956\" srcset=\"https:\/\/badnord.com\/wp-content\/uploads\/2019\/10\/qpv-logo.png 620w, https:\/\/badnord.com\/wp-content\/uploads\/2019\/10\/qpv-logo-150x84.png 150w\" sizes=\"(max-width: 620px) 100vw, 620px\" \/><\/figure>\n\n\n<p>Au regard des difficult\u00e9s actuelles<sup>(1)<\/sup> rencontr\u00e9es par certains enfants pour acc\u00e9der aux clubs, le Comit\u00e9 D\u00e9partemental s\u2019engage aux c\u00f4t\u00e9s de ces derniers et de leurs dirigeants au travers de la mise en place d\u2019un programme annuel de soutien financier et d\u2019accompagnement mat\u00e9riel.<\/p>\n<p>Il souhaite valoriser et soutenir la mise en place d\u2019initiatives locales dont l\u2019objectif est permettre de\u00a0r\u00e9aliser une passerelle entre les clubs et les jeunes ayant entre 6 et 18 ans dont les parents rencontrent des difficult\u00e9s financi\u00e8res ou ayant des ressources modestes.<\/p>\n<p>Les clubs doivent \u00eatre r\u00e9f\u00e9renc\u00e9s en Quartier Prioritaire de la Ville \u00ab dit QPV\u00bb pour pouvoir b\u00e9n\u00e9ficier de ce programme 2020\u00a0<span style=\"color: #ff0000;\">(en attente)<\/span> .<\/p>\n<hr \/>\n<ul>\n<li>Pr\u00e9sentation du dispositif 2020<\/li>\n<li>Liste des quartiers reconnus en QPV<\/li>\n<\/ul>\n<hr \/>\n<ul>\n<li>Engagement du club 2020<\/li>\n<li>Attestation parentale 2020<\/li>\n<\/ul>\n<hr \/>\n<p>Liste des clubs engag\u00e9s et labellis\u00e9s pour ce dispositif en 2020 :<\/p>\n<ul>\n<li>\u00a0<\/li>\n<\/ul>\n<hr \/>\n\n\n<figure class=\"wp-block-image\"><img decoding=\"async\" width=\"540\" height=\"270\" src=\"http:\/\/badnord.com\/wp-content\/uploads\/2019\/10\/qpv.jpg\" alt=\"\" class=\"wp-image-5959\" srcset=\"https:\/\/badnord.com\/wp-content\/uploads\/2019\/10\/qpv.jpg 540w, https:\/\/badnord.com\/wp-content\/uploads\/2019\/10\/qpv-150x75.jpg 150w\" sizes=\"(max-width: 540px) 100vw, 540px\" \/><\/figure>\n","protected":false},"excerpt":{"rendered":"<p>Au regard des difficult\u00e9s actuelles(1) rencontr\u00e9es par certains enfants pour acc\u00e9der aux clubs, le Comit\u00e9 D\u00e9partemental s\u2019engage aux c\u00f4t\u00e9s de ces derniers et de leurs dirigeants au travers de la mise en place d\u2019un programme annuel de soutien financier et d\u2019accompagnement mat\u00e9riel. Il souhaite valoriser et soutenir la mise en place d\u2019initiatives locales dont l\u2019objectif [&hellip;]<\/p>\n","protected":false},"author":2,"featured_media":0,"parent":0,"menu_order":0,"comment_status":"closed","ping_status":"open","template":"","meta":{"site-sidebar-layout":"default","site-content-layout":"","ast-site-content-layout":"default","site-content-style":"default","site-sidebar-style":"default","ast-global-header-display":"","ast-banner-title-visibility":"","ast-main-header-display":"","ast-hfb-above-header-display":"","ast-hfb-below-header-display":"","ast-hfb-mobile-header-display":"","site-post-title":"","ast-breadcrumbs-content":"","ast-featured-img":"","footer-sml-layout":"","ast-disable-related-posts":"","theme-transparent-header-meta":"","adv-header-id-meta":"","stick-header-meta":"","header-above-stick-meta":"","header-main-stick-meta":"","header-below-stick-meta":"","astra-migrate-meta-layouts":"default","ast-page-background-enabled":"default","ast-page-background-meta":{"desktop":{"background-color":"var(--ast-global-color-4)","background-image":"","background-repeat":"repeat","background-position":"center center","background-size":"auto","background-attachment":"scroll","background-type":"","background-media":"","overlay-type":"","overlay-color":"","overlay-opacity":"","overlay-gradient":""},"tablet":{"background-color":"","background-image":"","background-repeat":"repeat","background-position":"center center","background-size":"auto","background-attachment":"scroll","background-type":"","background-media":"","overlay-type":"","overlay-color":"","overlay-opacity":"","overlay-gradient":""},"mobile":{"background-color":"","background-image":"","background-repeat":"repeat","background-position":"center center","background-size":"auto","background-attachment":"scroll","background-type":"","background-media":"","overlay-type":"","overlay-color":"","overlay-opacity":"","overlay-gradient":""}},"ast-content-background-meta":{"desktop":{"background-color":"var(--ast-global-color-5)","background-image":"","background-repeat":"repeat","background-position":"center center","background-size":"auto","background-attachment":"scroll","background-type":"","background-media":"","overlay-type":"","overlay-color":"","overlay-opacity":"","overlay-gradient":""},"tablet":{"background-color":"var(--ast-global-color-5)","background-image":"","background-repeat":"repeat","background-position":"center center","background-size":"auto","background-attachment":"scroll","background-type":"","background-media":"","overlay-type":"","overlay-color":"","overlay-opacity":"","overlay-gradient":""},"mobile":{"background-color":"var(--ast-global-color-5)","background-image":"","background-repeat":"repeat","background-position":"center center","background-size":"auto","background-attachment":"scroll","background-type":"","background-media":"","overlay-type":"","overlay-color":"","overlay-opacity":"","overlay-gradient":""}},"footnotes":""},"class_list":["post-216","page","type-page","status-publish","hentry"],"_links":{"self":[{"href":"https:\/\/badnord.com\/index.php?rest_route=\/wp\/v2\/pages\/216","targetHints":{"allow":["GET"]}}],"collection":[{"href":"https:\/\/badnord.com\/index.php?rest_route=\/wp\/v2\/pages"}],"about":[{"href":"https:\/\/badnord.com\/index.php?rest_route=\/wp\/v2\/types\/page"}],"author":[{"embeddable":true,"href":"https:\/\/badnord.com\/index.php?rest_route=\/wp\/v2\/users\/2"}],"replies":[{"embeddable":true,"href":"https:\/\/badnord.com\/index.php?rest_route=%2Fwp%2Fv2%2Fcomments&post=216"}],"version-history":[{"count":19,"href":"https:\/\/badnord.com\/index.php?rest_route=\/wp\/v2\/pages\/216\/revisions"}],"predecessor-version":[{"id":6948,"href":"https:\/\/badnord.com\/index.php?rest_route=\/wp\/v2\/pages\/216\/revisions\/6948"}],"wp:attachment":[{"href":"https:\/\/badnord.com\/index.php?rest_route=%2Fwp%2Fv2%2Fmedia&parent=216"}],"curies":[{"name":"wp","href":"https:\/\/api.w.org\/{rel}","templated":true}]}}