{"id":2112,"date":"2017-01-05T10:20:57","date_gmt":"2017-01-05T08:20:57","guid":{"rendered":"http:\/\/badnord.com\/?page_id=2112"},"modified":"2017-01-05T11:07:38","modified_gmt":"2017-01-05T09:07:38","slug":"autorisation-de-sortie-du-territoire-obligatoire-a-partir-du-15-janvier-2017","status":"publish","type":"page","link":"https:\/\/badnord.com\/?page_id=2112","title":{"rendered":"Autorisation de sortie du territoire obligatoire \u00e0 partir du 15 janvier 2017"},"content":{"rendered":"<div class=\"actu\">\n<header>\n<pre><\/pre>\n<div class=\"toolbar toolbar-top\">\n<div class=\"toolbar-share\">\n<p>L&rsquo;autorisation de sortie du territoire (AST) d&rsquo;un mineur non accompagn\u00e9 par un titulaire de l&rsquo;autorit\u00e9 parentale sera r\u00e9tablie \u00e0 partir du 15\u00a0janvier\u00a02017. Le d\u00e9cret publi\u00e9 en ce sens au<span class=\"expression\"><em> Journal officiel<\/em><\/span> du 4\u00a0novembre\u00a02016 fait suite \u00e0 l&rsquo;article\u00a049 de la loi du 3\u00a0juin\u00a02016.<\/p>\n<\/div>\n<\/div>\n<\/header>\n<div class=\"text-zoom\">\n<p>L&rsquo;autorisation de sortie du territoire donn\u00e9e par un titulaire de l&rsquo;autorit\u00e9 parentale sera r\u00e9dig\u00e9e au moyen d&rsquo;un<a title=\"formulaire - Nouvelle fen\u00eatre\" href=\"https:\/\/www.formulaires.modernisation.gouv.fr\/gf\/cerfa_15646.do\" target=\"_blank\" rel=\"noopener noreferrer\" data-xiti-name=\"Particuliers::Actualite::Navigation_Directe::formulaire\" data-xiti-type=\"exit\">formulaire<\/a> qui pr\u00e9cisera les mentions suivantes\u00a0:<\/p>\n<ul>\n<li>les nom, pr\u00e9noms, date et lieu de naissance de l&rsquo;enfant mineur autoris\u00e9 \u00e0 quitter le territoire\u00a0;<\/li>\n<li>les nom, pr\u00e9noms, date et lieu de naissance du titulaire de l&rsquo;autorit\u00e9 parentale signataire de l&rsquo;autorisation, la qualit\u00e9 au titre de laquelle il exerce cette autorit\u00e9, son domicile, sa signature ainsi que, le cas \u00e9ch\u00e9ant, ses coordonn\u00e9es t\u00e9l\u00e9phoniques et son adresse \u00e9lectronique\u00a0;<\/li>\n<li>la dur\u00e9e de l&rsquo;autorisation, qui ne peut pas exc\u00e9der un an \u00e0 partir de la date de signature.<\/li>\n<\/ul>\n<p>Une fois compl\u00e9t\u00e9 et sign\u00e9, le formulaire devra \u00eatre accompagn\u00e9 de la photocopie lisible d&rsquo;un document officiel justifiant de l&rsquo;identit\u00e9 du signataire et comportant les \u00e9l\u00e9ments suivants\u00a0:<\/p>\n<ul>\n<li>ses noms et pr\u00e9noms \u00a0;<\/li>\n<li>ses dates et lieu de naissance\u00a0;<\/li>\n<li>sa photographie\u00a0;<\/li>\n<li>sa signature\u00a0;<\/li>\n<li>les dates de d\u00e9livrance et de validit\u00e9 du document ainsi que l&rsquo;autorit\u00e9 de d\u00e9livrance.<\/li>\n<\/ul>\n<p>Ce justificatif d&rsquo;identit\u00e9 peut \u00eatre\u00a0:<\/p>\n<ul>\n<li>pour les titulaires de l&rsquo;autorit\u00e9 parentale de nationalit\u00e9 fran\u00e7aise, la carte nationale d&rsquo;identit\u00e9 ou le passeport\u00a0;<\/li>\n<li>pour les titulaires de l&rsquo;autorit\u00e9 parentale, citoyens europ\u00e9ens, suisses ou d&rsquo;un \u00c9tat partie \u00e0 l&rsquo;accord sur l&rsquo;Espace \u00e9conomique europ\u00e9en, la carte nationale d&rsquo;identit\u00e9, le passeport ou un titre autorisant le s\u00e9jour en France\u00a0;<\/li>\n<li>pour les titulaires de l&rsquo;autorit\u00e9 parentale non europ\u00e9ens, le passeport, un titre autorisant le s\u00e9jour en France ou un titre d&rsquo;identit\u00e9 et de voyage pour r\u00e9fugi\u00e9(e) ou apatride.<\/li>\n<\/ul>\n<p>Ces documents doivent \u00eatre en cours de validit\u00e9 (sauf la carte nationale d&rsquo;identit\u00e9 et le passeport fran\u00e7ais, qui peuvent \u00eatre pr\u00e9sent\u00e9s en cours de validit\u00e9 ou p\u00e9rim\u00e9s depuis moins de 5\u00a0ans).<\/p>\n<\/div>\n<\/div>\n<aside>\n<div class=\"panel-sat\">\n<div class=\"panel-heading\">\n<h2>Textes de r\u00e9f\u00e9rence<\/h2>\n<\/div>\n<div class=\"panel-body\">\n<ul id=\"references\" class=\"list-arrow\">\n<li data-test=\"reference\">\n<p class=\"panel-link\"><a title=\"D\u00e9cret relatif \u00e0 l'autorisation de sortie du territoire d'un mineur non accompagn\u00e9 par un titulaire de l'autorit\u00e9 parentale - Nouvelle fen\u00eatre\" href=\"https:\/\/www.legifrance.gouv.fr\/eli\/decret\/2016\/11\/2\/INTD1623627D\/jo\/texte\" target=\"_blank\" rel=\"noopener noreferrer\" data-xiti-name=\"Particuliers::Actualite::textes_de_reference::https:\/\/www.legifrance.gouv.fr\/eli\/decret\/2016\/11\/2\/INTD1623627D\/jo\/texte\" data-xiti-type=\"exit\">D\u00e9cret relatif \u00e0 l&rsquo;autorisation de sortie du territoire d&rsquo;un mineur non accompagn\u00e9 par un titulaire de l&rsquo;autorit\u00e9 parentale <\/a><\/p>\n<\/li>\n<li data-test=\"reference\">\n<p class=\"panel-link\"><a title=\"Arr\u00eat\u00e9 fixant les modalit\u00e9s d'application du d\u00e9cret relatif \u00e0 l'autorisation de sortie du territoire d'un mineur non accompagn\u00e9 par un titulaire de l'autorit\u00e9 parentale - Nouvelle fen\u00eatre\" href=\"https:\/\/www.legifrance.gouv.fr\/eli\/arrete\/2016\/12\/13\/INTD1634326A\/jo\/texte\" target=\"_blank\" rel=\"noopener noreferrer\" data-xiti-name=\"Particuliers::Actualite::textes_de_reference::https:\/\/www.legifrance.gouv.fr\/eli\/arrete\/2016\/12\/13\/INTD1634326A\/jo\/texte\" data-xiti-type=\"exit\">Arr\u00eat\u00e9 fixant les modalit\u00e9s d&rsquo;application du d\u00e9cret relatif \u00e0 l&rsquo;autorisation de sortie du territoire d&rsquo;un mineur non accompagn\u00e9 par un titulaire de l&rsquo;autorit\u00e9 parentale <\/a><\/p>\n<\/li>\n<\/ul>\n<\/div>\n<\/div>\n<div id=\"serviceEnLigne\" class=\"panel-sat\">\n<div class=\"panel-heading\">\n<h2>Services en ligne et formulaires<\/h2>\n<\/div>\n<div class=\"panel-body\">\n<ul id=\"listeServiceEnLigne\" class=\"list-arrow\">\n<li>\n<p class=\"panel-link-arrow\"><a href=\"https:\/\/www.service-public.fr\/particuliers\/vosdroits\/R46121\" data-xiti-name=\"Particuliers::Actualite::Navigation_Directe::Autorisation_de_sortie_de_territoire_(AST)\"><span data-test=\"selContent\">Autorisation de sortie de territoire (AST)<\/span><\/a><\/p>\n<p class=\"panel-comment\" data-test=\"typeServiceEnLigne\">\n<\/li>\n<\/ul>\n<p>Publi\u00e9 le 19 d\u00e9cembre 2016 &#8211; Direction de l&rsquo;information l\u00e9gale et administrative (Premier ministre)<\/p>\n<\/div>\n<\/div>\n<\/aside>\n","protected":false},"excerpt":{"rendered":"<p>L&rsquo;autorisation de sortie du territoire (AST) d&rsquo;un mineur non accompagn\u00e9 par un titulaire de l&rsquo;autorit\u00e9 parentale sera r\u00e9tablie \u00e0 partir du 15\u00a0janvier\u00a02017. Le d\u00e9cret publi\u00e9 en ce sens au Journal officiel du 4\u00a0novembre\u00a02016 fait suite \u00e0 l&rsquo;article\u00a049 de la loi du 3\u00a0juin\u00a02016. L&rsquo;autorisation de sortie du territoire donn\u00e9e par un titulaire de l&rsquo;autorit\u00e9 parentale sera [&hellip;]<\/p>\n","protected":false},"author":2,"featured_media":0,"parent":0,"menu_order":0,"comment_status":"closed","ping_status":"closed","template":"","meta":{"site-sidebar-layout":"default","site-content-layout":"","ast-site-content-layout":"default","site-content-style":"default","site-sidebar-style":"default","ast-global-header-display":"","ast-banner-title-visibility":"","ast-main-header-display":"","ast-hfb-above-header-display":"","ast-hfb-below-header-display":"","ast-hfb-mobile-header-display":"","site-post-title":"","ast-breadcrumbs-content":"","ast-featured-img":"","footer-sml-layout":"","ast-disable-related-posts":"","theme-transparent-header-meta":"","adv-header-id-meta":"","stick-header-meta":"","header-above-stick-meta":"","header-main-stick-meta":"","header-below-stick-meta":"","astra-migrate-meta-layouts":"default","ast-page-background-enabled":"default","ast-page-background-meta":{"desktop":{"background-color":"var(--ast-global-color-4)","background-image":"","background-repeat":"repeat","background-position":"center center","background-size":"auto","background-attachment":"scroll","background-type":"","background-media":"","overlay-type":"","overlay-color":"","overlay-opacity":"","overlay-gradient":""},"tablet":{"background-color":"","background-image":"","background-repeat":"repeat","background-position":"center center","background-size":"auto","background-attachment":"scroll","background-type":"","background-media":"","overlay-type":"","overlay-color":"","overlay-opacity":"","overlay-gradient":""},"mobile":{"background-color":"","background-image":"","background-repeat":"repeat","background-position":"center center","background-size":"auto","background-attachment":"scroll","background-type":"","background-media":"","overlay-type":"","overlay-color":"","overlay-opacity":"","overlay-gradient":""}},"ast-content-background-meta":{"desktop":{"background-color":"var(--ast-global-color-5)","background-image":"","background-repeat":"repeat","background-position":"center center","background-size":"auto","background-attachment":"scroll","background-type":"","background-media":"","overlay-type":"","overlay-color":"","overlay-opacity":"","overlay-gradient":""},"tablet":{"background-color":"var(--ast-global-color-5)","background-image":"","background-repeat":"repeat","background-position":"center center","background-size":"auto","background-attachment":"scroll","background-type":"","background-media":"","overlay-type":"","overlay-color":"","overlay-opacity":"","overlay-gradient":""},"mobile":{"background-color":"var(--ast-global-color-5)","background-image":"","background-repeat":"repeat","background-position":"center center","background-size":"auto","background-attachment":"scroll","background-type":"","background-media":"","overlay-type":"","overlay-color":"","overlay-opacity":"","overlay-gradient":""}},"footnotes":""},"class_list":["post-2112","page","type-page","status-publish","hentry"],"_links":{"self":[{"href":"https:\/\/badnord.com\/index.php?rest_route=\/wp\/v2\/pages\/2112","targetHints":{"allow":["GET"]}}],"collection":[{"href":"https:\/\/badnord.com\/index.php?rest_route=\/wp\/v2\/pages"}],"about":[{"href":"https:\/\/badnord.com\/index.php?rest_route=\/wp\/v2\/types\/page"}],"author":[{"embeddable":true,"href":"https:\/\/badnord.com\/index.php?rest_route=\/wp\/v2\/users\/2"}],"replies":[{"embeddable":true,"href":"https:\/\/badnord.com\/index.php?rest_route=%2Fwp%2Fv2%2Fcomments&post=2112"}],"version-history":[{"count":3,"href":"https:\/\/badnord.com\/index.php?rest_route=\/wp\/v2\/pages\/2112\/revisions"}],"predecessor-version":[{"id":2122,"href":"https:\/\/badnord.com\/index.php?rest_route=\/wp\/v2\/pages\/2112\/revisions\/2122"}],"wp:attachment":[{"href":"https:\/\/badnord.com\/index.php?rest_route=%2Fwp%2Fv2%2Fmedia&parent=2112"}],"curies":[{"name":"wp","href":"https:\/\/api.w.org\/{rel}","templated":true}]}}