{"id":15840,"date":"2024-11-20T18:31:09","date_gmt":"2024-11-20T16:31:09","guid":{"rendered":"https:\/\/badnord.com\/?page_id=15840"},"modified":"2025-11-25T15:55:41","modified_gmt":"2025-11-25T13:55:41","slug":"dispositif-avenir-departemental","status":"publish","type":"page","link":"https:\/\/badnord.com\/?page_id=15840","title":{"rendered":"Dispositif Avenir D\u00e9partemental"},"content":{"rendered":"\t\t<div data-elementor-type=\"wp-page\" data-elementor-id=\"15840\" class=\"elementor elementor-15840\" data-elementor-post-type=\"page\">\n\t\t\t\t\t\t<section class=\"elementor-section elementor-top-section elementor-element elementor-element-3288845 elementor-section-boxed elementor-section-height-default elementor-section-height-default\" data-id=\"3288845\" data-element_type=\"section\" data-e-type=\"section\">\n\t\t\t\t\t\t<div class=\"elementor-container elementor-column-gap-default\">\n\t\t\t\t\t<div class=\"elementor-column elementor-col-100 elementor-top-column elementor-element elementor-element-6609b4d\" data-id=\"6609b4d\" data-element_type=\"column\" data-e-type=\"column\">\n\t\t\t<div class=\"elementor-widget-wrap elementor-element-populated\">\n\t\t\t\t\t\t<div class=\"elementor-element elementor-element-5d3f866 elementor-widget elementor-widget-heading\" data-id=\"5d3f866\" data-element_type=\"widget\" data-e-type=\"widget\" data-widget_type=\"heading.default\">\n\t\t\t\t<div class=\"elementor-widget-container\">\n\t\t\t\t\t<h5 class=\"elementor-heading-title elementor-size-default\">Dispositif Avenir D\u00e9partemental (DAD)<\/h5>\t\t\t\t<\/div>\n\t\t\t\t<\/div>\n\t\t\t\t\t<\/div>\n\t\t<\/div>\n\t\t\t\t\t<\/div>\n\t\t<\/section>\n\t\t\t\t<section class=\"elementor-section elementor-top-section elementor-element elementor-element-f10c408 elementor-section-boxed elementor-section-height-default elementor-section-height-default\" data-id=\"f10c408\" data-element_type=\"section\" data-e-type=\"section\">\n\t\t\t\t\t\t<div class=\"elementor-container elementor-column-gap-default\">\n\t\t\t\t\t<div class=\"elementor-column elementor-col-50 elementor-top-column elementor-element elementor-element-7262a9c\" data-id=\"7262a9c\" data-element_type=\"column\" data-e-type=\"column\">\n\t\t\t<div class=\"elementor-widget-wrap elementor-element-populated\">\n\t\t\t\t\t\t<div class=\"elementor-element elementor-element-51bf0de elementor-widget elementor-widget-text-editor\" data-id=\"51bf0de\" data-element_type=\"widget\" data-e-type=\"widget\" data-widget_type=\"text-editor.default\">\n\t\t\t\t<div class=\"elementor-widget-container\">\n\t\t\t\t\t\t\t\t\t<p>Le Dispositif Avenir D\u00e9partemental, <strong>c&rsquo;est quoi ?<\/strong> il s&rsquo;agit d&rsquo;un regroupement organis\u00e9 sur une apr\u00e8s-midi ou une matin\u00e9e, \u00e0 destination des jeunes Poussins.<\/p><p>C\u2019est la premi\u00e8re phase du dispositif Avenir de la F\u00e9d\u00e9ration Fran\u00e7aise de Badminton <br \/>qui est compos\u00e9e de quatre phases en tout : avec une phase r\u00e9gionale (DAR), Interr\u00e9gionale (DAI), et Nationale (DAN)<\/p>\t\t\t\t\t\t\t\t<\/div>\n\t\t\t\t<\/div>\n\t\t\t\t<div class=\"elementor-element elementor-element-a51b968 elementor-widget elementor-widget-text-editor\" data-id=\"a51b968\" data-element_type=\"widget\" data-e-type=\"widget\" data-widget_type=\"text-editor.default\">\n\t\t\t\t<div class=\"elementor-widget-container\">\n\t\t\t\t\t\t\t\t\t<p class=\"wp-block-heading\"><strong><span style=\"text-decoration: underline;\">Type du stage:<\/span><\/strong><\/p><ul class=\"wp-block-list\"><li><p>Stage de d\u00e9tection f\u00e9d\u00e9ral<\/p><\/li><li><p>Qualificatif pour l\u2019\u00e9chelon r\u00e9gional (DAR)<\/p><\/li><\/ul><p class=\"wp-block-heading\"><span style=\"text-decoration: underline;\"><strong>Pour qui ?<\/strong><\/span><\/p><p>Ce stage s\u2019adresse aux<strong> joueurs Poussins des clubs du Nord, <\/strong>\u00e0 partir du moment o\u00f9 ils sont <strong>capables de rentrer relativement bien<\/strong> dans chacune des <strong>4 situations propos\u00e9es.<\/strong><\/p><p>Les minibads exceptionnels peuvent \u00e9ventuellement participer, mais ne pourront pas \u00eatre propos\u00e9s pour la phase r\u00e9gionale (DAR).<\/p><p>Les \u00e9ducateurs des clubs y sont les bienvenus pour observation et partage d\u2019exp\u00e9rience.<\/p><p class=\"wp-block-heading\"><span style=\"text-decoration: underline;\"><strong>Objectifs<\/strong><\/span><\/p><p>D\u00e9tecter les \u00ab bonnes raquettes \u00bb (surtout en main basse), c\u2019est-\u00e0-dire les joueurs qui disposent de qualit\u00e9s au niveau :<\/p><ul class=\"wp-block-list\"><li><p>de la manipulation \/ maniabilit\u00e9 de la raquette<\/p><\/li><li><p>de la vitesse d\u2019ex\u00e9cution des frappes, de r\u00e9action, de prise d\u2019information<\/p><\/li><li><p>de la vitesse de la t\u00eate de raquette<\/p><\/li><li><p>du contr\u00f4le des trajectoire (r\u00e9gularit\u00e9\/pr\u00e9cision).<\/p><\/li><\/ul>\t\t\t\t\t\t\t\t<\/div>\n\t\t\t\t<\/div>\n\t\t\t\t<div class=\"elementor-element elementor-element-4611f56 elementor-widget elementor-widget-text-editor\" data-id=\"4611f56\" data-element_type=\"widget\" data-e-type=\"widget\" data-widget_type=\"text-editor.default\">\n\t\t\t\t<div class=\"elementor-widget-container\">\n\t\t\t\t\t\t\t\t\t<p class=\"wp-block-heading\"><span style=\"text-decoration: underline;\"><strong>Logistique<\/strong><\/span><\/p><ul class=\"wp-block-list\"><li><p>D\u00e9placement : \u00e0 la charge des familles ou organisation des clubs<\/p><\/li><li><p>Pr\u00e9voir \u00e9quipement de badminton (tenue, raquette\u2026) et gourde d\u2019eau<\/p><\/li><li><p>Stage gratuit et pris en charge par le Comit\u00e9 du Nord<\/p><\/li><li><p>Go\u00fbter ou petit d\u00e9jeuner \u00e0 la charge du comit\u00e9 du Nord<\/p><\/li><\/ul>\t\t\t\t\t\t\t\t<\/div>\n\t\t\t\t<\/div>\n\t\t\t\t\t<\/div>\n\t\t<\/div>\n\t\t\t\t<div class=\"elementor-column elementor-col-50 elementor-top-column elementor-element elementor-element-b737636\" data-id=\"b737636\" data-element_type=\"column\" data-e-type=\"column\">\n\t\t\t<div class=\"elementor-widget-wrap elementor-element-populated\">\n\t\t\t\t\t\t<div class=\"elementor-element elementor-element-57364c8 elementor-widget elementor-widget-text-editor\" data-id=\"57364c8\" data-element_type=\"widget\" data-e-type=\"widget\" data-widget_type=\"text-editor.default\">\n\t\t\t\t<div class=\"elementor-widget-container\">\n\t\t\t\t\t\t\t\t\t<p class=\"wp-block-heading\"><span style=\"text-decoration: underline;\"><strong>Pr\u00e9requis pour participer au stage:<\/strong><\/span><\/p><p>Il s\u2019agit du premier niveau des stages de d\u00e9tection mis en place par la FFBaD donc la volont\u00e9 est de ne pas en limiter trop l\u2019acc\u00e8s.<\/p><p>Les enfants doivent simplement \u00eatre capables de mettre en place les situations suivantes (capacit\u00e9 \u00e0 faire un service par exemple) :<\/p><p><strong>\u00ab Le Carr\u00e9 \u00bb :<\/strong> match sur 1\u20442 terrain sans le couloir lat\u00e9ral, sans le couloir du fond de court et sans la zone avant<br \/><strong>\u00ab Le D\u00e9fi Filet \u00bb :<\/strong> match au filet (ligne de fond de court = ligne de service court), bande gagnante = 2 points<br \/><strong>\u00ab Le Double impact \u00bb :<\/strong> les 2 joueurs servent court en revers en m\u00eame temps (comptent \u00ab 1, 2, 3 \u00bb avant de servir ; 2 volants en jeu en m\u00eame temps = 2 points en jeu) dans un terrain ultra r\u00e9duit (1\/2 terrain sans le couloir lat\u00e9ral ni la zone avant et ligne de fond de court trac\u00e9e \u00e0 la craie \u00e0 une distance de 3 raquettes de la ligne avant de service)<br \/><strong>\u00ab La Baston \u00bb :<\/strong> idem \u00ab Le Carr\u00e9 \u00bb mais sans filet et service coup droit long et haut obligatoire (serveur donne l\u2019attaque franchement) ; receveur pr\u00e8s de la ligne de service avant au moment au service<br \/><br \/>Des liens vid\u00e9o expliquant ces jeux sont disponibles ci-dessous :<\/p><div class=\"wp-block-buttons is-layout-flex wp-block-buttons-is-layout-flex\"><div class=\"wp-block-button\"><a class=\"wp-block-button__link wp-element-button\" href=\"https:\/\/www.dropbox.com\/s\/qkzfqwq4g0qmyj3\/Le%20double%20impact.mp4?dl=0\">le double impact<\/a><\/div><div class=\"wp-block-button\"><a class=\"wp-block-button__link wp-element-button\" href=\"https:\/\/www.dropbox.com\/s\/im4nu76u48xt85l\/La%20baston.mp4?dl=0\">la baston<\/a><\/div><div class=\"wp-block-button\"><a class=\"wp-block-button__link wp-element-button\" href=\"https:\/\/www.dropbox.com\/s\/xs8sr864l2porbh\/Le%20carr%C3%A9.mp4?dl=0\">le carr\u00e9<\/a><\/div><div class=\"wp-block-button\"><a class=\"wp-block-button__link wp-element-button\" href=\"https:\/\/www.dropbox.com\/s\/8tqd0wwjjvu3pw0\/Le%20d%C3%A9fi%20filet.mp4?dl=0\">le d\u00e9fi filet<\/a><\/div><\/div><p>.<\/p>\t\t\t\t\t\t\t\t<\/div>\n\t\t\t\t<\/div>\n\t\t\t\t<div class=\"elementor-element elementor-element-b39da4c elementor-widget elementor-widget-text-editor\" data-id=\"b39da4c\" data-element_type=\"widget\" data-e-type=\"widget\" data-widget_type=\"text-editor.default\">\n\t\t\t\t<div class=\"elementor-widget-container\">\n\t\t\t\t\t\t\t\t\t<p><span style=\"text-decoration: underline;\"><strong>Dates des prochaines sessions<\/strong> <\/span><\/p><p>&#8211; Samedi 13 d\u00e9cembre 2025 de 14h00 \u00e0 18h00 &#8211; VALENCIENNES\u00a0 [<a href=\"https:\/\/badnet.fr\/tournoi\/public?eventid=34176\">inscriptions<\/a>]<br \/><br \/>&#8211; Samedi 13 d\u00e9cembre 2025 de 14h00 \u00e0 18h00 &#8211; HEM\u00a0 [<a href=\"https:\/\/badnet.fr\/tournoi\/public?eventid=34177\" target=\"_blank\" rel=\"noopener\">inscriptions<\/a>]<\/p><p>\u00a0<\/p>\t\t\t\t\t\t\t\t<\/div>\n\t\t\t\t<\/div>\n\t\t\t\t<div class=\"elementor-element elementor-element-379045c elementor-widget elementor-widget-text-editor\" data-id=\"379045c\" data-element_type=\"widget\" data-e-type=\"widget\" data-widget_type=\"text-editor.default\">\n\t\t\t\t<div class=\"elementor-widget-container\">\n\t\t\t\t\t\t\t\t\t<p><span style=\"text-decoration: underline;\"><strong>Renseignements<\/strong><\/span><\/p><p>Comit\u00e9 Nord Badminton<br \/>\u00a0\u00a0\u00a0\u00a0\u00a0 \u260e\ufe0f 09 54 39 31 26<br \/>\u00a0\u00a0\u00a0\u00a0\u00a0 \ud83d\udce7 formations@badnord.com<\/p>\t\t\t\t\t\t\t\t<\/div>\n\t\t\t\t<\/div>\n\t\t\t\t\t<\/div>\n\t\t<\/div>\n\t\t\t\t\t<\/div>\n\t\t<\/section>\n\t\t\t\t<section class=\"elementor-section elementor-top-section elementor-element elementor-element-e5e90bb elementor-section-boxed elementor-section-height-default elementor-section-height-default\" data-id=\"e5e90bb\" data-element_type=\"section\" data-e-type=\"section\">\n\t\t\t\t\t\t<div class=\"elementor-container elementor-column-gap-default\">\n\t\t\t\t\t<div class=\"elementor-column elementor-col-50 elementor-top-column elementor-element elementor-element-d47f39a\" data-id=\"d47f39a\" data-element_type=\"column\" data-e-type=\"column\">\n\t\t\t<div class=\"elementor-widget-wrap elementor-element-populated\">\n\t\t\t\t\t\t<div class=\"elementor-element elementor-element-7e03f45 elementor-widget elementor-widget-image\" data-id=\"7e03f45\" data-element_type=\"widget\" data-e-type=\"widget\" data-widget_type=\"image.default\">\n\t\t\t\t<div class=\"elementor-widget-container\">\n\t\t\t\t\t\t\t\t\t\t\t\t\t\t\t\t<a href=\"https:\/\/badnord.com\/wp-content\/uploads\/2025\/11\/DAD-Hem-1.jpg\" data-elementor-open-lightbox=\"yes\" data-e-action-hash=\"#elementor-action%3Aaction%3Dlightbox%26settings%3DeyJpZCI6MTg5ODMsInVybCI6Imh0dHBzOlwvXC9iYWRub3JkLmNvbVwvd3AtY29udGVudFwvdXBsb2Fkc1wvMjAyNVwvMTFcL0RBRC1IZW0tMS5qcGcifQ%3D%3D\">\n\t\t\t\t\t\t\t<img fetchpriority=\"high\" decoding=\"async\" width=\"723\" height=\"1024\" src=\"https:\/\/badnord.com\/wp-content\/uploads\/2025\/11\/DAD-Hem-1.jpg\" class=\"attachment-full size-full wp-image-18983\" alt=\"\" srcset=\"https:\/\/badnord.com\/wp-content\/uploads\/2025\/11\/DAD-Hem-1.jpg 723w, https:\/\/badnord.com\/wp-content\/uploads\/2025\/11\/DAD-Hem-1-106x150.jpg 106w\" sizes=\"(max-width: 723px) 100vw, 723px\" \/>\t\t\t\t\t\t\t\t<\/a>\n\t\t\t\t\t\t\t\t\t\t\t\t\t\t\t<\/div>\n\t\t\t\t<\/div>\n\t\t\t\t\t<\/div>\n\t\t<\/div>\n\t\t\t\t<div class=\"elementor-column elementor-col-50 elementor-top-column elementor-element elementor-element-da15aaa\" data-id=\"da15aaa\" data-element_type=\"column\" data-e-type=\"column\">\n\t\t\t<div class=\"elementor-widget-wrap elementor-element-populated\">\n\t\t\t\t\t\t<div class=\"elementor-element elementor-element-7a76fcf elementor-widget elementor-widget-image\" data-id=\"7a76fcf\" data-element_type=\"widget\" data-e-type=\"widget\" data-widget_type=\"image.default\">\n\t\t\t\t<div class=\"elementor-widget-container\">\n\t\t\t\t\t\t\t\t\t\t\t\t\t\t\t\t<a href=\"https:\/\/badnord.com\/wp-content\/uploads\/2025\/11\/DAD_Valenciennes-2.jpg\" data-elementor-open-lightbox=\"yes\" data-e-action-hash=\"#elementor-action%3Aaction%3Dlightbox%26settings%3DeyJpZCI6MTg5ODQsInVybCI6Imh0dHBzOlwvXC9iYWRub3JkLmNvbVwvd3AtY29udGVudFwvdXBsb2Fkc1wvMjAyNVwvMTFcL0RBRF9WYWxlbmNpZW5uZXMtMi5qcGcifQ%3D%3D\">\n\t\t\t\t\t\t\t<img decoding=\"async\" width=\"723\" height=\"1024\" src=\"https:\/\/badnord.com\/wp-content\/uploads\/2025\/11\/DAD_Valenciennes-2.jpg\" class=\"attachment-full size-full wp-image-18984\" alt=\"\" srcset=\"https:\/\/badnord.com\/wp-content\/uploads\/2025\/11\/DAD_Valenciennes-2.jpg 723w, https:\/\/badnord.com\/wp-content\/uploads\/2025\/11\/DAD_Valenciennes-2-106x150.jpg 106w\" sizes=\"(max-width: 723px) 100vw, 723px\" \/>\t\t\t\t\t\t\t\t<\/a>\n\t\t\t\t\t\t\t\t\t\t\t\t\t\t\t<\/div>\n\t\t\t\t<\/div>\n\t\t\t\t\t<\/div>\n\t\t<\/div>\n\t\t\t\t\t<\/div>\n\t\t<\/section>\n\t\t\t\t<\/div>\n\t\t","protected":false},"excerpt":{"rendered":"<p>Dispositif Avenir D\u00e9partemental (DAD) Le Dispositif Avenir D\u00e9partemental, c&rsquo;est quoi ? il s&rsquo;agit d&rsquo;un regroupement organis\u00e9 sur une apr\u00e8s-midi ou une matin\u00e9e, \u00e0 destination des jeunes Poussins. C\u2019est la premi\u00e8re phase du dispositif Avenir de la F\u00e9d\u00e9ration Fran\u00e7aise de Badminton qui est compos\u00e9e de quatre phases en tout : avec une phase r\u00e9gionale (DAR), Interr\u00e9gionale [&hellip;]<\/p>\n","protected":false},"author":2,"featured_media":0,"parent":0,"menu_order":0,"comment_status":"closed","ping_status":"closed","template":"","meta":{"site-sidebar-layout":"no-sidebar","site-content-layout":"page-builder","ast-site-content-layout":"full-width-container","site-content-style":"default","site-sidebar-style":"default","ast-global-header-display":"","ast-banner-title-visibility":"","ast-main-header-display":"","ast-hfb-above-header-display":"","ast-hfb-below-header-display":"","ast-hfb-mobile-header-display":"","site-post-title":"disabled","ast-breadcrumbs-content":"","ast-featured-img":"disabled","footer-sml-layout":"","ast-disable-related-posts":"","theme-transparent-header-meta":"","adv-header-id-meta":"","stick-header-meta":"","header-above-stick-meta":"","header-main-stick-meta":"","header-below-stick-meta":"","astra-migrate-meta-layouts":"set","ast-page-background-enabled":"default","ast-page-background-meta":{"desktop":{"background-color":"var(--ast-global-color-4)","background-image":"","background-repeat":"repeat","background-position":"center center","background-size":"auto","background-attachment":"scroll","background-type":"","background-media":"","overlay-type":"","overlay-color":"","overlay-opacity":"","overlay-gradient":""},"tablet":{"background-color":"","background-image":"","background-repeat":"repeat","background-position":"center center","background-size":"auto","background-attachment":"scroll","background-type":"","background-media":"","overlay-type":"","overlay-color":"","overlay-opacity":"","overlay-gradient":""},"mobile":{"background-color":"","background-image":"","background-repeat":"repeat","background-position":"center center","background-size":"auto","background-attachment":"scroll","background-type":"","background-media":"","overlay-type":"","overlay-color":"","overlay-opacity":"","overlay-gradient":""}},"ast-content-background-meta":{"desktop":{"background-color":"var(--ast-global-color-5)","background-image":"","background-repeat":"repeat","background-position":"center center","background-size":"auto","background-attachment":"scroll","background-type":"","background-media":"","overlay-type":"","overlay-color":"","overlay-opacity":"","overlay-gradient":""},"tablet":{"background-color":"var(--ast-global-color-5)","background-image":"","background-repeat":"repeat","background-position":"center center","background-size":"auto","background-attachment":"scroll","background-type":"","background-media":"","overlay-type":"","overlay-color":"","overlay-opacity":"","overlay-gradient":""},"mobile":{"background-color":"var(--ast-global-color-5)","background-image":"","background-repeat":"repeat","background-position":"center center","background-size":"auto","background-attachment":"scroll","background-type":"","background-media":"","overlay-type":"","overlay-color":"","overlay-opacity":"","overlay-gradient":""}},"footnotes":""},"class_list":["post-15840","page","type-page","status-publish","hentry"],"_links":{"self":[{"href":"https:\/\/badnord.com\/index.php?rest_route=\/wp\/v2\/pages\/15840","targetHints":{"allow":["GET"]}}],"collection":[{"href":"https:\/\/badnord.com\/index.php?rest_route=\/wp\/v2\/pages"}],"about":[{"href":"https:\/\/badnord.com\/index.php?rest_route=\/wp\/v2\/types\/page"}],"author":[{"embeddable":true,"href":"https:\/\/badnord.com\/index.php?rest_route=\/wp\/v2\/users\/2"}],"replies":[{"embeddable":true,"href":"https:\/\/badnord.com\/index.php?rest_route=%2Fwp%2Fv2%2Fcomments&post=15840"}],"version-history":[{"count":43,"href":"https:\/\/badnord.com\/index.php?rest_route=\/wp\/v2\/pages\/15840\/revisions"}],"predecessor-version":[{"id":18996,"href":"https:\/\/badnord.com\/index.php?rest_route=\/wp\/v2\/pages\/15840\/revisions\/18996"}],"wp:attachment":[{"href":"https:\/\/badnord.com\/index.php?rest_route=%2Fwp%2Fv2%2Fmedia&parent=15840"}],"curies":[{"name":"wp","href":"https:\/\/api.w.org\/{rel}","templated":true}]}}