{"id":13755,"date":"2024-06-26T16:59:17","date_gmt":"2024-06-26T14:59:17","guid":{"rendered":"https:\/\/badnord.com\/?page_id=13755"},"modified":"2025-07-18T11:31:50","modified_gmt":"2025-07-18T09:31:50","slug":"comment-devenir-un-juge-arbitre","status":"publish","type":"page","link":"https:\/\/badnord.com\/?page_id=13755","title":{"rendered":"Comment devenir un Juge-Arbitre ?"},"content":{"rendered":"\t\t<div data-elementor-type=\"wp-page\" data-elementor-id=\"13755\" class=\"elementor elementor-13755\" data-elementor-post-type=\"page\">\n\t\t\t\t\t\t<section class=\"elementor-section elementor-top-section elementor-element elementor-element-a76a50e elementor-section-boxed elementor-section-height-default elementor-section-height-default\" data-id=\"a76a50e\" data-element_type=\"section\" data-e-type=\"section\">\n\t\t\t\t\t\t<div class=\"elementor-container elementor-column-gap-default\">\n\t\t\t\t\t<div class=\"elementor-column elementor-col-100 elementor-top-column elementor-element elementor-element-9e4bc27\" data-id=\"9e4bc27\" data-element_type=\"column\" data-e-type=\"column\">\n\t\t\t<div class=\"elementor-widget-wrap elementor-element-populated\">\n\t\t\t\t\t\t<div class=\"elementor-element elementor-element-46dbe72 elementor-widget elementor-widget-heading\" data-id=\"46dbe72\" data-element_type=\"widget\" data-e-type=\"widget\" data-widget_type=\"heading.default\">\n\t\t\t\t<div class=\"elementor-widget-container\">\n\t\t\t\t\t<h2 class=\"elementor-heading-title elementor-size-default\">Comment devenir juge-arbitre ?<\/h2>\t\t\t\t<\/div>\n\t\t\t\t<\/div>\n\t\t\t\t\t<\/div>\n\t\t<\/div>\n\t\t\t\t\t<\/div>\n\t\t<\/section>\n\t\t\t\t<section class=\"elementor-section elementor-top-section elementor-element elementor-element-4fa6f8f elementor-section-boxed elementor-section-height-default elementor-section-height-default\" data-id=\"4fa6f8f\" data-element_type=\"section\" data-e-type=\"section\">\n\t\t\t\t\t\t<div class=\"elementor-container elementor-column-gap-default\">\n\t\t\t\t\t<div class=\"elementor-column elementor-col-66 elementor-top-column elementor-element elementor-element-af9b8e9\" data-id=\"af9b8e9\" data-element_type=\"column\" data-e-type=\"column\">\n\t\t\t<div class=\"elementor-widget-wrap elementor-element-populated\">\n\t\t\t\t\t\t<div class=\"elementor-element elementor-element-3cd2519 elementor-widget elementor-widget-text-editor\" data-id=\"3cd2519\" data-element_type=\"widget\" data-e-type=\"widget\" data-widget_type=\"text-editor.default\">\n\t\t\t\t<div class=\"elementor-widget-container\">\n\t\t\t\t\t\t\t\t\t<p>Le juge-arbitre (aussi appel\u00e9 JA) est responsable de la conduite des comp\u00e9titions f\u00e9d\u00e9rales, individuelles, par \u00e9quipes ou des tournois et de leur surveillance. Il \u00e9tablit les divers documents qui rendent compte de la comp\u00e9tition. Il homologue des r\u00e9sultats.<br \/>Les arbitres sont sous l\u2019autorit\u00e9 du juge-arbitre. Ils peuvent \u00eatre assist\u00e9s de juges de service et\/ou de juges de ligne.<\/p>\t\t\t\t\t\t\t\t<\/div>\n\t\t\t\t<\/div>\n\t\t\t\t\t<\/div>\n\t\t<\/div>\n\t\t\t\t<div class=\"elementor-column elementor-col-33 elementor-top-column elementor-element elementor-element-dd76b09\" data-id=\"dd76b09\" data-element_type=\"column\" data-e-type=\"column\">\n\t\t\t<div class=\"elementor-widget-wrap elementor-element-populated\">\n\t\t\t\t\t\t<div class=\"elementor-element elementor-element-e7b469a elementor-widget__width-initial elementor-widget elementor-widget-text-editor\" data-id=\"e7b469a\" data-element_type=\"widget\" data-e-type=\"widget\" data-widget_type=\"text-editor.default\">\n\t\t\t\t<div class=\"elementor-widget-container\">\n\t\t\t\t\t\t\t\t\t<p><img decoding=\"async\" class=\"sFlh5c pT0Scc iPVvYb\" src=\"https:\/\/frontwebservice.ffbad.org\/storage\/documents\/pages\/Se_former\/Etre_officiel_technique\/Devenir_juge_arbitre\/vignette-devenir-juge-arbitre_8800_273.webp\" alt=\"\u00catre un officiel technique de badminton | FFBaD\" aria-hidden=\"false\" \/><\/p>\t\t\t\t\t\t\t\t<\/div>\n\t\t\t\t<\/div>\n\t\t\t\t\t<\/div>\n\t\t<\/div>\n\t\t\t\t\t<\/div>\n\t\t<\/section>\n\t\t\t\t<section class=\"elementor-section elementor-top-section elementor-element elementor-element-5de4f28 elementor-section-boxed elementor-section-height-default elementor-section-height-default\" data-id=\"5de4f28\" data-element_type=\"section\" data-e-type=\"section\">\n\t\t\t\t\t\t<div class=\"elementor-container elementor-column-gap-default\">\n\t\t\t\t\t<div class=\"elementor-column elementor-col-50 elementor-top-column elementor-element elementor-element-cae411f\" data-id=\"cae411f\" data-element_type=\"column\" data-e-type=\"column\">\n\t\t\t<div class=\"elementor-widget-wrap elementor-element-populated\">\n\t\t\t\t\t\t<div class=\"elementor-element elementor-element-77f20f1 elementor-widget elementor-widget-text-editor\" data-id=\"77f20f1\" data-element_type=\"widget\" data-e-type=\"widget\" data-widget_type=\"text-editor.default\">\n\t\t\t\t<div class=\"elementor-widget-container\">\n\t\t\t\t\t\t\t\t\t<p><strong>En <u>France,<\/u><\/strong> il existe une distinction et cinq grades de juge-arbitre :<br \/>&#8211; Juge-arbitre de ligue accr\u00e9dit\u00e9<br \/>&#8211; Juge-arbitre de ligue certifi\u00e9<br \/>&#8211; Juge-arbitre f\u00e9d\u00e9ral accr\u00e9dit\u00e9<br \/>&#8211; Juge-arbitre f\u00e9d\u00e9ral certifi\u00e9<br \/>&#8211; Juge-arbitre international<\/p>\t\t\t\t\t\t\t\t<\/div>\n\t\t\t\t<\/div>\n\t\t\t\t\t<\/div>\n\t\t<\/div>\n\t\t\t\t<div class=\"elementor-column elementor-col-50 elementor-top-column elementor-element elementor-element-55c8623\" data-id=\"55c8623\" data-element_type=\"column\" data-e-type=\"column\">\n\t\t\t<div class=\"elementor-widget-wrap elementor-element-populated\">\n\t\t\t\t\t\t<div class=\"elementor-element elementor-element-666a59c elementor-widget__width-initial elementor-widget elementor-widget-text-editor\" data-id=\"666a59c\" data-element_type=\"widget\" data-e-type=\"widget\" data-widget_type=\"text-editor.default\">\n\t\t\t\t<div class=\"elementor-widget-container\">\n\t\t\t\t\t\t\t\t\t<p>Il existe trois grades <b><u>internationaux<\/u><\/b> qui ne sont pas du ressort de la FFBaD :<br \/>&#8211; Juge-arbitre continental<br \/>&#8211; Juge-arbitre BWF<br \/>&#8211; Juge-arbitre BWF Para-badminton<\/p><p>\u00a0<\/p>\t\t\t\t\t\t\t\t<\/div>\n\t\t\t\t<\/div>\n\t\t\t\t\t<\/div>\n\t\t<\/div>\n\t\t\t\t\t<\/div>\n\t\t<\/section>\n\t\t\t\t<section class=\"elementor-section elementor-top-section elementor-element elementor-element-f7564d6 elementor-section-boxed elementor-section-height-default elementor-section-height-default\" data-id=\"f7564d6\" data-element_type=\"section\" data-e-type=\"section\">\n\t\t\t\t\t\t<div class=\"elementor-container elementor-column-gap-default\">\n\t\t\t\t\t<div class=\"elementor-column elementor-col-50 elementor-top-column elementor-element elementor-element-98df201\" data-id=\"98df201\" data-element_type=\"column\" data-e-type=\"column\">\n\t\t\t<div class=\"elementor-widget-wrap elementor-element-populated\">\n\t\t\t\t\t\t<div class=\"elementor-element elementor-element-aa80637 elementor-widget elementor-widget-text-editor\" data-id=\"aa80637\" data-element_type=\"widget\" data-e-type=\"widget\" data-widget_type=\"text-editor.default\">\n\t\t\t\t<div class=\"elementor-widget-container\">\n\t\t\t\t\t\t\t\t\t<p><span style=\"text-decoration: underline;\"><strong>Comment devenir un Juge-arbitre de ligue accr\u00e9dit\u00e9 ?<\/strong><\/span><\/p><p>Pour devenir Juge-Arbitre de Ligue Accr\u00e9dit\u00e9 (JALA) il est n\u00e9cessaire d&rsquo;avoir suivi les formations de Gestionnaire et organisateur de comp\u00e9titions (GEO) niveau 1 et niveau 2 pour pouvoir s&rsquo;inscrire \u00e0 la formation th\u00e9orique de Juge-Arbitre de Ligue Accr\u00e9dit\u00e9 qui dure 7 heures.<\/p><p>\u00c0 l&rsquo;issue de cette formation, le stagiaire devra r\u00e9aliser un stage pratique d&rsquo;une journ\u00e9e minimum et r\u00e9ussir un examen th\u00e9orique.<\/p><p>Par la suite, le stagiaire devra se pr\u00e9senter \u00e0 l&rsquo;examen de validation dans les deux ans apr\u00e8s la formation th\u00e9orique.<\/p><p>Il pourra, apr\u00e8s avoir \u00e9t\u00e9 valid\u00e9, \u00eatre Juge-Arbitre (JA) principal sur des comp\u00e9titions avec des joueurs de niveau N3 maximum, ou d\u00e9clar\u00e9es r\u00e9gionales ou d\u00e9partementales sans limite de classement des joueurs, dans une salle unique de 7 terrains maximum et sans arbitres.<\/p>\t\t\t\t\t\t\t\t<\/div>\n\t\t\t\t<\/div>\n\t\t\t\t\t<\/div>\n\t\t<\/div>\n\t\t\t\t<div class=\"elementor-column elementor-col-50 elementor-top-column elementor-element elementor-element-4f6eaab\" data-id=\"4f6eaab\" data-element_type=\"column\" data-e-type=\"column\">\n\t\t\t<div class=\"elementor-widget-wrap elementor-element-populated\">\n\t\t\t\t\t\t<div class=\"elementor-element elementor-element-66c60f8 elementor-widget elementor-widget-text-editor\" data-id=\"66c60f8\" data-element_type=\"widget\" data-e-type=\"widget\" data-widget_type=\"text-editor.default\">\n\t\t\t\t<div class=\"elementor-widget-container\">\n\t\t\t\t\t\t\t\t\t<p><span style=\"text-decoration: underline;\"><strong>Comment devenir un Juge-arbitre de ligue certifi\u00e9?<\/strong><\/span><\/p><p>Pour devenir Juge-Arbitre de Ligue Certifi\u00e9 (JALC), le juge-arbitre de ligue accr\u00e9dit\u00e9 doit pouvoir justifier de deux ans minimum d&rsquo;activit\u00e9 depuis sa validation de JALA, douze journ\u00e9es de comp\u00e9tition sur les trois derni\u00e8res ann\u00e9es civiles et avoir effectu\u00e9 la formation d&rsquo;arbitre de ligue accr\u00e9dit\u00e9.<\/p><p>Ensuite, le candidat devra suivre une formation th\u00e9orique de 7 heures et r\u00e9aliser une journ\u00e9e minimum de stage pratique sur une journ\u00e9e d&rsquo;interclub r\u00e9gional ou national.<\/p><p>Par la suite, le candidat devra se pr\u00e9senter \u00e0 l&rsquo;examen de validation au plus tard deux ans apr\u00e8s la formation th\u00e9orique et passer un examen oral et pratique de validation sur une comp\u00e9tition.<\/p><p>Il pourra, apr\u00e8s avoir \u00e9t\u00e9 valid\u00e9, \u00eatre JA principal sur toutes les comp\u00e9titions y compris multisalles et les interclubs avec arbitres \u00e0 l\u2019exception des comp\u00e9titions f\u00e9d\u00e9rales et assimil\u00e9es.<\/p>\t\t\t\t\t\t\t\t<\/div>\n\t\t\t\t<\/div>\n\t\t\t\t\t<\/div>\n\t\t<\/div>\n\t\t\t\t\t<\/div>\n\t\t<\/section>\n\t\t\t\t<section class=\"elementor-section elementor-top-section elementor-element elementor-element-d744676 elementor-section-boxed elementor-section-height-default elementor-section-height-default\" data-id=\"d744676\" data-element_type=\"section\" data-e-type=\"section\">\n\t\t\t\t\t\t<div class=\"elementor-container elementor-column-gap-default\">\n\t\t\t\t\t<div class=\"elementor-column elementor-col-50 elementor-top-column elementor-element elementor-element-21f8a92\" data-id=\"21f8a92\" data-element_type=\"column\" data-e-type=\"column\">\n\t\t\t<div class=\"elementor-widget-wrap elementor-element-populated\">\n\t\t\t\t\t\t<div class=\"elementor-element elementor-element-bb01c5f elementor-widget elementor-widget-text-editor\" data-id=\"bb01c5f\" data-element_type=\"widget\" data-e-type=\"widget\" data-widget_type=\"text-editor.default\">\n\t\t\t\t<div class=\"elementor-widget-container\">\n\t\t\t\t\t\t\t\t\t<p><span style=\"text-decoration: underline;\"><strong>Comment devenir un Juge-arbitre f\u00e9d\u00e9ral accr\u00e9dit\u00e9 ?<\/strong><\/span><\/p><p>Pour devenir juge-arbitre f\u00e9d\u00e9ral accr\u00e9dit\u00e9, le candidat devra \u00eatre JALC depuis 2 ans minimum.<\/p><p>La formation se d\u00e9roule sur trois jours pendant un Championnat de France et doit \u00eatre valid\u00e9e par la r\u00e9ussite \u00e0 un contr\u00f4le de connaissance.<\/p><p>Apr\u00e8s validation de la formation, le candidat devra se pr\u00e9senter \u00e0 l&rsquo;examen de validation au plus tard deux ans apr\u00e8s la formation th\u00e9orique. Il pourra, apr\u00e8s avoir \u00e9t\u00e9 valid\u00e9, \u00eatre JA principal sur toutes les comp\u00e9titions y compris multisalles et les interclubs \u00e0 l\u2019exception d\u2019\u00eatre juge-arbitre principal sur les Championnats de France (\u00e9lite, jeunes, v\u00e9t\u00e9rans et la finale du Top 12).<\/p>\t\t\t\t\t\t\t\t<\/div>\n\t\t\t\t<\/div>\n\t\t\t\t\t<\/div>\n\t\t<\/div>\n\t\t\t\t<div class=\"elementor-column elementor-col-50 elementor-top-column elementor-element elementor-element-abc3291\" data-id=\"abc3291\" data-element_type=\"column\" data-e-type=\"column\">\n\t\t\t<div class=\"elementor-widget-wrap elementor-element-populated\">\n\t\t\t\t\t\t<div class=\"elementor-element elementor-element-7ebb500 elementor-widget elementor-widget-text-editor\" data-id=\"7ebb500\" data-element_type=\"widget\" data-e-type=\"widget\" data-widget_type=\"text-editor.default\">\n\t\t\t\t<div class=\"elementor-widget-container\">\n\t\t\t\t\t\t\t\t\t<p><span style=\"text-decoration: underline;\"><strong>Comment devenir un Juge-arbitre f\u00e9d\u00e9ral certifi\u00e9 ?<\/strong><\/span><\/p><p>Pour devenir juge-arbitre f\u00e9d\u00e9ral certifi\u00e9, le juge-arbitre f\u00e9d\u00e9ral accr\u00e9dit\u00e9 devra avoir offici\u00e9 pendant 2 ans minimum et avoir obtenu deux rapports d&rsquo;Evaluateurs en Juge-Arbitrage F\u00e9d\u00e9ral (EJAF) positifs ainsi qu&rsquo;une validation coll\u00e9giale des EJAF (feuilles d\u2019activit\u00e9s + rapport juge-arbitre + avoir \u00e9t\u00e9 juge-arbitre principal sur deux championnats de France). Il devra avoir suivi les deux demi-journ\u00e9es de formation organis\u00e9es si possible sur un Championnat de France.<\/p><p>Il pourra, apr\u00e8s avoir \u00e9t\u00e9 valid\u00e9, \u00eatre JA principal sur toutes les comp\u00e9titions nationales.<\/p>\t\t\t\t\t\t\t\t<\/div>\n\t\t\t\t<\/div>\n\t\t\t\t\t<\/div>\n\t\t<\/div>\n\t\t\t\t\t<\/div>\n\t\t<\/section>\n\t\t\t\t<section class=\"elementor-section elementor-top-section elementor-element elementor-element-e675e49 elementor-section-boxed elementor-section-height-default elementor-section-height-default\" data-id=\"e675e49\" data-element_type=\"section\" data-e-type=\"section\">\n\t\t\t\t\t\t<div class=\"elementor-container elementor-column-gap-default\">\n\t\t\t\t\t<div class=\"elementor-column elementor-col-50 elementor-top-column elementor-element elementor-element-d6f45e9\" data-id=\"d6f45e9\" data-element_type=\"column\" data-e-type=\"column\">\n\t\t\t<div class=\"elementor-widget-wrap elementor-element-populated\">\n\t\t\t\t\t\t<div class=\"elementor-element elementor-element-dc5cdb5 elementor-widget elementor-widget-text-editor\" data-id=\"dc5cdb5\" data-element_type=\"widget\" data-e-type=\"widget\" data-widget_type=\"text-editor.default\">\n\t\t\t\t<div class=\"elementor-widget-container\">\n\t\t\t\t\t\t\t\t\t<p><span style=\"text-decoration: underline;\"><strong>Comment devenir un Juge-arbitre international ?<\/strong><\/span><\/p><p>Pour devenir juge-arbitre international, le juge-arbitre f\u00e9d\u00e9ral certifi\u00e9 devra avoir une exp\u00e9rience importante sur les comp\u00e9titions f\u00e9d\u00e9rales, avoir une ma\u00eetrise de l\u2019anglais \u00e9crite et orale, avoir suivi la formation de juge-arbitre international de 8 heures, effectu\u00e9e enti\u00e8rement en anglais. Il devra avoir \u00e9t\u00e9 juge-arbitre adjoint sur des comp\u00e9titions internationales dont la nomination des juges-arbitres adjoints est du ressort de la FFBaD.<\/p>\t\t\t\t\t\t\t\t<\/div>\n\t\t\t\t<\/div>\n\t\t\t\t<div class=\"elementor-element elementor-element-f07ebbf elementor-widget elementor-widget-text-editor\" data-id=\"f07ebbf\" data-element_type=\"widget\" data-e-type=\"widget\" data-widget_type=\"text-editor.default\">\n\t\t\t\t<div class=\"elementor-widget-container\">\n\t\t\t\t\t\t\t\t\t<p><strong><img decoding=\"async\" class=\"emoji\" role=\"img\" draggable=\"false\" src=\"https:\/\/s.w.org\/images\/core\/emoji\/16.0.1\/svg\/1f64b-1f3fb-200d-2642-fe0f.svg\" alt=\"\ud83d\ude4b\ud83c\udffb\u200d\u2642\ufe0f\" \/>Contact :<\/strong><\/p><p>Ligue des Hauts de France<br \/><img decoding=\"async\" class=\"emoji\" role=\"img\" draggable=\"false\" src=\"https:\/\/s.w.org\/images\/core\/emoji\/16.0.1\/svg\/1f4cd.svg\" alt=\"\ud83d\udccd\" \/> Commission Ligue Officiel Technique<br \/><img decoding=\"async\" class=\"emoji\" role=\"img\" draggable=\"false\" src=\"https:\/\/s.w.org\/images\/core\/emoji\/16.0.1\/svg\/1f4e7.svg\" alt=\"\ud83d\udce7\" \/> <a href=\"mailto:crabadhf@gmail.com\">crabadhf@gmail.com<\/a><br \/><img decoding=\"async\" class=\"emoji\" role=\"img\" draggable=\"false\" src=\"https:\/\/s.w.org\/images\/core\/emoji\/16.0.1\/svg\/260e.svg\" alt=\"\u260e\ufe0f\" \/> <span class=\"dig-1hicw9p1_4-3-1 dig-1hicw9p0_4-3-1 dig-ekabin0_4-3-1 dig-Theme-vis2023 dig-Theme-vis2023--dark dig-Mode--dark In-Theme-Provider\">06 61 24 59 44<\/span><\/p><p><strong>Inscriptions pour les Formations d&rsquo;Officiel de Terrain :<\/strong><\/p><ul><li>Les dates de formations sont disponibles sur le site de la ligue :\u00a0 <br \/><a href=\"https:\/\/www.badmintonhautsdefrance.fr\/\">https:\/\/www.badmintonhautsdefrance.fr\/<\/a><\/li><li>Les inscriptions se font uniquement sur Badnet \/ Ebad : \u00a0 \u00a0 \u00a0 <br \/><a href=\"https:\/\/badnet.fr\/accueil\/formations\">https:\/\/badnet.fr\/accueil\/formations<\/a><\/li><\/ul>\t\t\t\t\t\t\t\t<\/div>\n\t\t\t\t<\/div>\n\t\t\t\t\t<\/div>\n\t\t<\/div>\n\t\t\t\t<div class=\"elementor-column elementor-col-50 elementor-top-column elementor-element elementor-element-9659916\" data-id=\"9659916\" data-element_type=\"column\" data-e-type=\"column\">\n\t\t\t<div class=\"elementor-widget-wrap elementor-element-populated\">\n\t\t\t\t\t\t<div class=\"elementor-element elementor-element-a4ba138 elementor-widget elementor-widget-text-editor\" data-id=\"a4ba138\" data-element_type=\"widget\" data-e-type=\"widget\" data-widget_type=\"text-editor.default\">\n\t\t\t\t<div class=\"elementor-widget-container\">\n\t\t\t\t\t\t\t\t\t<p><strong>Modalit\u00e9s de l&rsquo;activit\u00e9 du juge-arbitre<\/strong><\/p><p>L\u2019\u00e2ge minimum requis pour obtenir le grade de juge-arbitre de ligue accr\u00e9dit\u00e9 est celui de la majorit\u00e9 pour des raisons de responsabilit\u00e9. Cependant, il est possible de commencer la formation dans l&rsquo;ann\u00e9e de ses 17 ans et il n\u2019existe pas d\u2019\u00e2ge maximum pour officier.<\/p><p>Les grades de juge-arbitre ne sont pas acquis \u00e0 vie. Le grade peut se perdre si le juge-arbitre ne r\u00e9pond plus aux crit\u00e8res et obligations de son grade a fortiori si le juge-arbitre n\u2019a plus d\u2019activit\u00e9. Un juge-arbitre qui serait rest\u00e9 sans activit\u00e9 pendant une dur\u00e9e assez longue, sera r\u00e9int\u00e9gr\u00e9 dans le grade qui correspond \u00e0 son niveau r\u00e9el du moment et\/ou devra participer \u00e0 nouveau \u00e0 un stage. Des journ\u00e9es d\u2019information ou de recyclage peuvent \u00eatre organis\u00e9es par les Commissions de Ligue des Officiels Techniques ou la Commission F\u00e9d\u00e9rale des Officiels Techniques.<\/p><p>Les juges-arbitres doivent se tenir au courant des \u00e9volutions des r\u00e8glements et les tenir \u00e0 jour.<\/p><p>Toutes les formations sont accessibles aux personnes en situation d&rsquo;handicap.<\/p>\t\t\t\t\t\t\t\t<\/div>\n\t\t\t\t<\/div>\n\t\t\t\t\t<\/div>\n\t\t<\/div>\n\t\t\t\t\t<\/div>\n\t\t<\/section>\n\t\t\t\t<section class=\"elementor-section elementor-top-section elementor-element elementor-element-79797d8 elementor-section-boxed elementor-section-height-default elementor-section-height-default\" data-id=\"79797d8\" data-element_type=\"section\" data-e-type=\"section\">\n\t\t\t\t\t\t<div class=\"elementor-container elementor-column-gap-default\">\n\t\t\t\t\t<div class=\"elementor-column elementor-col-100 elementor-top-column elementor-element elementor-element-2876451\" data-id=\"2876451\" data-element_type=\"column\" data-e-type=\"column\">\n\t\t\t<div class=\"elementor-widget-wrap\">\n\t\t\t\t\t\t\t<\/div>\n\t\t<\/div>\n\t\t\t\t\t<\/div>\n\t\t<\/section>\n\t\t\t\t<\/div>\n\t\t","protected":false},"excerpt":{"rendered":"<p>Comment devenir juge-arbitre ? Le juge-arbitre (aussi appel\u00e9 JA) est responsable de la conduite des comp\u00e9titions f\u00e9d\u00e9rales, individuelles, par \u00e9quipes ou des tournois et de leur surveillance. Il \u00e9tablit les divers documents qui rendent compte de la comp\u00e9tition. Il homologue des r\u00e9sultats.Les arbitres sont sous l\u2019autorit\u00e9 du juge-arbitre. Ils peuvent \u00eatre assist\u00e9s de juges de [&hellip;]<\/p>\n","protected":false},"author":27,"featured_media":0,"parent":0,"menu_order":0,"comment_status":"closed","ping_status":"closed","template":"","meta":{"site-sidebar-layout":"no-sidebar","site-content-layout":"page-builder","ast-site-content-layout":"full-width-container","site-content-style":"default","site-sidebar-style":"default","ast-global-header-display":"","ast-banner-title-visibility":"","ast-main-header-display":"","ast-hfb-above-header-display":"","ast-hfb-below-header-display":"","ast-hfb-mobile-header-display":"","site-post-title":"disabled","ast-breadcrumbs-content":"","ast-featured-img":"disabled","footer-sml-layout":"","ast-disable-related-posts":"","theme-transparent-header-meta":"","adv-header-id-meta":"","stick-header-meta":"","header-above-stick-meta":"","header-main-stick-meta":"","header-below-stick-meta":"","astra-migrate-meta-layouts":"set","ast-page-background-enabled":"default","ast-page-background-meta":{"desktop":{"background-color":"var(--ast-global-color-4)","background-image":"","background-repeat":"repeat","background-position":"center center","background-size":"auto","background-attachment":"scroll","background-type":"","background-media":"","overlay-type":"","overlay-color":"","overlay-opacity":"","overlay-gradient":""},"tablet":{"background-color":"","background-image":"","background-repeat":"repeat","background-position":"center center","background-size":"auto","background-attachment":"scroll","background-type":"","background-media":"","overlay-type":"","overlay-color":"","overlay-opacity":"","overlay-gradient":""},"mobile":{"background-color":"","background-image":"","background-repeat":"repeat","background-position":"center center","background-size":"auto","background-attachment":"scroll","background-type":"","background-media":"","overlay-type":"","overlay-color":"","overlay-opacity":"","overlay-gradient":""}},"ast-content-background-meta":{"desktop":{"background-color":"var(--ast-global-color-5)","background-image":"","background-repeat":"repeat","background-position":"center center","background-size":"auto","background-attachment":"scroll","background-type":"","background-media":"","overlay-type":"","overlay-color":"","overlay-opacity":"","overlay-gradient":""},"tablet":{"background-color":"var(--ast-global-color-5)","background-image":"","background-repeat":"repeat","background-position":"center center","background-size":"auto","background-attachment":"scroll","background-type":"","background-media":"","overlay-type":"","overlay-color":"","overlay-opacity":"","overlay-gradient":""},"mobile":{"background-color":"var(--ast-global-color-5)","background-image":"","background-repeat":"repeat","background-position":"center center","background-size":"auto","background-attachment":"scroll","background-type":"","background-media":"","overlay-type":"","overlay-color":"","overlay-opacity":"","overlay-gradient":""}},"footnotes":""},"class_list":["post-13755","page","type-page","status-publish","hentry"],"_links":{"self":[{"href":"https:\/\/badnord.com\/index.php?rest_route=\/wp\/v2\/pages\/13755","targetHints":{"allow":["GET"]}}],"collection":[{"href":"https:\/\/badnord.com\/index.php?rest_route=\/wp\/v2\/pages"}],"about":[{"href":"https:\/\/badnord.com\/index.php?rest_route=\/wp\/v2\/types\/page"}],"author":[{"embeddable":true,"href":"https:\/\/badnord.com\/index.php?rest_route=\/wp\/v2\/users\/27"}],"replies":[{"embeddable":true,"href":"https:\/\/badnord.com\/index.php?rest_route=%2Fwp%2Fv2%2Fcomments&post=13755"}],"version-history":[{"count":26,"href":"https:\/\/badnord.com\/index.php?rest_route=\/wp\/v2\/pages\/13755\/revisions"}],"predecessor-version":[{"id":17965,"href":"https:\/\/badnord.com\/index.php?rest_route=\/wp\/v2\/pages\/13755\/revisions\/17965"}],"wp:attachment":[{"href":"https:\/\/badnord.com\/index.php?rest_route=%2Fwp%2Fv2%2Fmedia&parent=13755"}],"curies":[{"name":"wp","href":"https:\/\/api.w.org\/{rel}","templated":true}]}}