{"id":13538,"date":"2024-06-06T10:42:51","date_gmt":"2024-06-06T08:42:51","guid":{"rendered":"https:\/\/badnord.com\/?page_id=13538"},"modified":"2024-06-06T10:45:22","modified_gmt":"2024-06-06T08:45:22","slug":"tarifs-competitions-departementales-adultes-nord","status":"publish","type":"page","link":"https:\/\/badnord.com\/?page_id=13538","title":{"rendered":"Tarifs Comp\u00e9titions D\u00e9partementales Adultes &#8211; Nord &#8211;"},"content":{"rendered":"\t\t<div data-elementor-type=\"wp-page\" data-elementor-id=\"13538\" class=\"elementor elementor-13538\" data-elementor-post-type=\"page\">\n\t\t\t\t\t\t<section class=\"elementor-section elementor-top-section elementor-element elementor-element-f3b2505 elementor-section-boxed elementor-section-height-default elementor-section-height-default\" data-id=\"f3b2505\" data-element_type=\"section\" data-e-type=\"section\">\n\t\t\t\t\t\t<div class=\"elementor-container elementor-column-gap-default\">\n\t\t\t\t\t<div class=\"elementor-column elementor-col-100 elementor-top-column elementor-element elementor-element-ecd1f93\" data-id=\"ecd1f93\" data-element_type=\"column\" data-e-type=\"column\">\n\t\t\t<div class=\"elementor-widget-wrap elementor-element-populated\">\n\t\t\t\t\t\t<div class=\"elementor-element elementor-element-6c31289 elementor-widget elementor-widget-text-editor\" data-id=\"6c31289\" data-element_type=\"widget\" data-e-type=\"widget\" data-widget_type=\"text-editor.default\">\n\t\t\t\t<div class=\"elementor-widget-container\">\n\t\t\t\t\t\t\t\t\t<p>\n<table id=\"tablepress-51\" class=\"tablepress tablepress-id-51\">\n<thead>\n<tr class=\"row-1\">\n\t<th class=\"column-1\"><span style=\"color:#153D64;\"><strong>COMPETITIONS INDIVIDUELLES<\/strong><\/span><\/th><th class=\"column-2\"><strong><\/strong><\/th><th class=\"column-3\"><strong><\/strong><\/th>\n<\/tr>\n<\/thead>\n<tbody class=\"row-striping row-hover\">\n<tr class=\"row-2\">\n\t<td class=\"column-1\"><strong>PROXI<\/strong><\/td><td class=\"column-2\"><strong>5.00 \u20ac<\/strong><\/td><td class=\"column-3\"><strong>\/joueur<\/strong><\/td>\n<\/tr>\n<tr class=\"row-3\">\n\t<td class=\"column-1\"><em>dont reversement au Comit\u00e9<\/em><\/td><td class=\"column-2\">1.00 \u20ac<\/td><td class=\"column-3\">\/joueur<\/td>\n<\/tr>\n<tr class=\"row-4\">\n\t<td class=\"column-1\"><strong>CIRCUITS <\/strong><\/td><td class=\"column-2\"><strong>8.00 \u20ac<\/strong><\/td><td class=\"column-3\"><strong>\/joueur<\/strong><\/td>\n<\/tr>\n<tr class=\"row-5\">\n\t<td class=\"column-1\"><em>dont reversement au Comit\u00e9<\/em><\/td><td class=\"column-2\">1.00 \u20ac<\/td><td class=\"column-3\">\/joueur<\/td>\n<\/tr>\n<tr class=\"row-6\">\n\t<td class=\"column-1\"><em>dont reversement \u00e0 la F\u00e9d\u00e9ration<\/em><\/td><td class=\"column-2\">2.00 \u20ac<\/td><td class=\"column-3\">\/joueur<\/td>\n<\/tr>\n<tr class=\"row-7\">\n\t<td class=\"column-1\"><strong>CHAMPIONNATS<\/strong><\/td><td class=\"column-2\"><strong><\/strong><\/td><td class=\"column-3\"><strong><\/strong><\/td>\n<\/tr>\n<tr class=\"row-8\">\n\t<td class=\"column-1\"><em><strong>1 Tableau<\/strong><\/em><\/td><td class=\"column-2\"><strong>10.00 \u20ac<\/strong><\/td><td class=\"column-3\"><strong>\/joueur<\/strong><\/td>\n<\/tr>\n<tr class=\"row-9\">\n\t<td class=\"column-1\"><em><strong>2 Tableaux<\/strong><\/em><\/td><td class=\"column-2\"><strong>15.00 \u20ac<\/strong><\/td><td class=\"column-3\"><strong>\/joueur<\/strong><\/td>\n<\/tr>\n<tr class=\"row-10\">\n\t<td class=\"column-1\"><span style=\"color:#153D64;\"><strong>COMPETITIONS PAR EQUIPE<\/strong><\/span><\/td><td class=\"column-2\"><strong><\/strong><\/td><td class=\"column-3\"><strong><\/strong><\/td>\n<\/tr>\n<tr class=\"row-11\">\n\t<td class=\"column-1\"><strong>Interclubs  S\u00e9niors <\/strong><\/td><td class=\"column-2\"><strong>50.00 \u20ac<\/strong><\/td><td class=\"column-3\"><strong>\/\u00e9quipe<\/strong><\/td>\n<\/tr>\n<tr class=\"row-12\">\n\t<td class=\"column-1\"><strong>Interclubs  V\u00e9t\u00e9rans<\/strong><\/td><td class=\"column-2\"><strong>50.00 \u20ac<\/strong><\/td><td class=\"column-3\"><strong>\/\u00e9quipe<\/strong><\/td>\n<\/tr>\n<\/tbody>\n<\/table>\n<!-- #tablepress-51 from cache --><\/p>\t\t\t\t\t\t\t\t<\/div>\n\t\t\t\t<\/div>\n\t\t\t\t\t<\/div>\n\t\t<\/div>\n\t\t\t\t\t<\/div>\n\t\t<\/section>\n\t\t\t\t<\/div>\n\t\t","protected":false},"excerpt":{"rendered":"","protected":false},"author":27,"featured_media":0,"parent":0,"menu_order":0,"comment_status":"closed","ping_status":"closed","template":"","meta":{"site-sidebar-layout":"no-sidebar","site-content-layout":"page-builder","ast-site-content-layout":"full-width-container","site-content-style":"default","site-sidebar-style":"default","ast-global-header-display":"","ast-banner-title-visibility":"","ast-main-header-display":"","ast-hfb-above-header-display":"","ast-hfb-below-header-display":"","ast-hfb-mobile-header-display":"","site-post-title":"disabled","ast-breadcrumbs-content":"","ast-featured-img":"disabled","footer-sml-layout":"","ast-disable-related-posts":"","theme-transparent-header-meta":"","adv-header-id-meta":"","stick-header-meta":"","header-above-stick-meta":"","header-main-stick-meta":"","header-below-stick-meta":"","astra-migrate-meta-layouts":"set","ast-page-background-enabled":"default","ast-page-background-meta":{"desktop":{"background-color":"var(--ast-global-color-4)","background-image":"","background-repeat":"repeat","background-position":"center center","background-size":"auto","background-attachment":"scroll","background-type":"","background-media":"","overlay-type":"","overlay-color":"","overlay-opacity":"","overlay-gradient":""},"tablet":{"background-color":"","background-image":"","background-repeat":"repeat","background-position":"center center","background-size":"auto","background-attachment":"scroll","background-type":"","background-media":"","overlay-type":"","overlay-color":"","overlay-opacity":"","overlay-gradient":""},"mobile":{"background-color":"","background-image":"","background-repeat":"repeat","background-position":"center center","background-size":"auto","background-attachment":"scroll","background-type":"","background-media":"","overlay-type":"","overlay-color":"","overlay-opacity":"","overlay-gradient":""}},"ast-content-background-meta":{"desktop":{"background-color":"var(--ast-global-color-5)","background-image":"","background-repeat":"repeat","background-position":"center center","background-size":"auto","background-attachment":"scroll","background-type":"","background-media":"","overlay-type":"","overlay-color":"","overlay-opacity":"","overlay-gradient":""},"tablet":{"background-color":"var(--ast-global-color-5)","background-image":"","background-repeat":"repeat","background-position":"center center","background-size":"auto","background-attachment":"scroll","background-type":"","background-media":"","overlay-type":"","overlay-color":"","overlay-opacity":"","overlay-gradient":""},"mobile":{"background-color":"var(--ast-global-color-5)","background-image":"","background-repeat":"repeat","background-position":"center center","background-size":"auto","background-attachment":"scroll","background-type":"","background-media":"","overlay-type":"","overlay-color":"","overlay-opacity":"","overlay-gradient":""}},"footnotes":""},"class_list":["post-13538","page","type-page","status-publish","hentry"],"_links":{"self":[{"href":"https:\/\/badnord.com\/index.php?rest_route=\/wp\/v2\/pages\/13538","targetHints":{"allow":["GET"]}}],"collection":[{"href":"https:\/\/badnord.com\/index.php?rest_route=\/wp\/v2\/pages"}],"about":[{"href":"https:\/\/badnord.com\/index.php?rest_route=\/wp\/v2\/types\/page"}],"author":[{"embeddable":true,"href":"https:\/\/badnord.com\/index.php?rest_route=\/wp\/v2\/users\/27"}],"replies":[{"embeddable":true,"href":"https:\/\/badnord.com\/index.php?rest_route=%2Fwp%2Fv2%2Fcomments&post=13538"}],"version-history":[{"count":7,"href":"https:\/\/badnord.com\/index.php?rest_route=\/wp\/v2\/pages\/13538\/revisions"}],"predecessor-version":[{"id":13546,"href":"https:\/\/badnord.com\/index.php?rest_route=\/wp\/v2\/pages\/13538\/revisions\/13546"}],"wp:attachment":[{"href":"https:\/\/badnord.com\/index.php?rest_route=%2Fwp%2Fv2%2Fmedia&parent=13538"}],"curies":[{"name":"wp","href":"https:\/\/api.w.org\/{rel}","templated":true}]}}